{"id":949,"date":"2022-04-29T12:07:38","date_gmt":"2022-04-29T12:07:38","guid":{"rendered":"http:\/\/scoalanr178.ro\/?page_id=949"},"modified":"2026-03-31T12:23:03","modified_gmt":"2026-03-31T12:23:03","slug":"transparenta-veniturilor-salariale","status":"publish","type":"page","link":"https:\/\/scoalanr178.ro\/?page_id=949","title":{"rendered":"Transparen\u021ba veniturilor salariale"},"content":{"rendered":"\n<div class=\"wp-block-file\"><a id=\"wp-block-file--media-d3abfc36-a83a-481a-9dc7-ad674b011d1a\" href=\"https:\/\/scoalanr178.ro\/wp-content\/uploads\/2026\/03\/Transparenta-veniturilor-salariale-la-31-martie-2026.pdf\">Transparenta veniturilor salariale la 31 martie 2026<\/a><\/div>\n\n\n\n<p><strong>Conform&nbsp;\u21d2&nbsp;<a href=\"https:\/\/legislatie.just.ro\/Public\/DetaliiDocument\/190446\" target=\"_blank\" rel=\"noreferrer noopener\">Legii-cadru&nbsp;nr.153\/2017<\/a>&nbsp;&nbsp;privind salarizarea personalului pl\u0103tit din fonduri publice prevede la art. 33,&nbsp;transparen\u0163a&nbsp;veniturilor salariale:<\/strong><\/p>\n\n\n\n<p>1) Toate autorit\u0103\u0163ile \u015fi institu\u0163iile publice enumerate la art. 2 alin. (1) \u015fi (3) vor publica la sediul propriu \u015fi pe pagina proprie de internet, \u00een datele de&nbsp;<em>31 martie<\/em>&nbsp;\u015fi&nbsp;<em>30 septembrie<\/em>&nbsp;ale fiec\u0103rui an, \u015fi vor men\u0163ine publicat\u0103 o list\u0103 a tuturor func\u0163iilor din autorit\u0103\u0163ile sau institu\u0163iile publice respective ce intr\u0103 \u00een categoria personalului pl\u0103tit din fonduri publice, cuprinz\u00e2nd urm\u0103toarele:<\/p>\n\n\n\n<p>a) salariul de baz\u0103, solda func\u0163iei de baz\u0103\/salariul func\u0163iei de baz\u0103, indemniza\u0163ia de \u00eencadrare sau indemniza\u0163ia lunar\u0103, dup\u0103 caz;<br>b) tipul, baza de calcul, cota procentual\u0103, valoarea brut\u0103 a sporurilor, compensa\u0163iilor, adaosurilor, primelor \u015fi premiilor eligibile pentru fiecare func\u0163ie, precum \u015fi baza legal\u0103 a acord\u0103rii acestora;<br>c) valoarea anual\u0103 a voucherelor de vacan\u0163\u0103 care urmeaz\u0103 s\u0103 fie acordate pentru o perioad\u0103 lucrat\u0103 de un an, precum \u015fi baza legal\u0103 a acord\u0103rii acestora;<br>d) valoarea anual\u0103 a indemniza\u0163iei de hran\u0103 care urmeaz\u0103 s\u0103 fie acordat\u0103 pentru o perioad\u0103 lucrat\u0103 de un an, precum \u015fi baza legal\u0103 a acord\u0103rii acesteia;<br>e) orice alte drepturi \u00een bani \u015fi\/sau \u00een natur\u0103, dac\u0103 este cazul, precum \u015fi baza legal\u0103 a acord\u0103rii acestora;<br>f) orice informa\u0163ii cu privire la posibile limit\u0103ri ale venitului salarial, precum \u015fi baza legal\u0103 a acestora.<\/p>\n\n\n\n<div class=\"wp-block-file\"><a id=\"wp-block-file--media-b9a49ebf-13d5-480a-9e9b-1081af0a3c5f\" href=\"https:\/\/scoalanr178.ro\/wp-content\/uploads\/2025\/10\/Transparenta-Veniturilor-la-data-de-30.09.2025.pdf\">Transparenta Veniturilor la data de 30.09.2025<\/a><a href=\"https:\/\/scoalanr178.ro\/wp-content\/uploads\/2025\/10\/Transparenta-Veniturilor-la-data-de-30.09.2025.pdf\" class=\"wp-block-file__button wp-element-button\" download aria-describedby=\"wp-block-file--media-b9a49ebf-13d5-480a-9e9b-1081af0a3c5f\">Descarc\u0103<\/a><\/div>\n\n\n\n<div class=\"wp-block-file\"><a id=\"wp-block-file--media-0b029d1b-4f26-4899-99c1-94148dead678\" href=\"https:\/\/scoalanr178.ro\/wp-content\/uploads\/2025\/04\/TRANSPARENTA-VENITURILOR-LA-31.03.2025.pdf\">Transparenta veniturilor la 31.03.2025<\/a><a href=\"https:\/\/scoalanr178.ro\/wp-content\/uploads\/2025\/04\/TRANSPARENTA-VENITURILOR-LA-31.03.2025.pdf\" class=\"wp-block-file__button wp-element-button\" download aria-describedby=\"wp-block-file--media-0b029d1b-4f26-4899-99c1-94148dead678\">Descarc\u0103<\/a><\/div>\n\n\n\n<div class=\"wp-block-file\"><a id=\"wp-block-file--media-353e2d7e-c782-496e-9d37-e07d6a35d14b\" href=\"https:\/\/scoalanr178.ro\/wp-content\/uploads\/2024\/10\/TRANSPARENTA-VENITURILOR-SALARIALE-LA-30.09.2024.pdf\">Transparenta veniturilor la 30.09.2024<\/a><a href=\"https:\/\/scoalanr178.ro\/wp-content\/uploads\/2024\/10\/TRANSPARENTA-VENITURILOR-SALARIALE-LA-30.09.2024.pdf\" class=\"wp-block-file__button wp-element-button\" download aria-describedby=\"wp-block-file--media-353e2d7e-c782-496e-9d37-e07d6a35d14b\">Descarc\u0103<\/a><\/div>\n\n\n\n<div class=\"wp-block-file\"><a id=\"wp-block-file--media-b8870173-81d7-46b4-97ff-ab4068b18e05\" href=\"https:\/\/scoalanr178.ro\/wp-content\/uploads\/2024\/04\/Transparenta-veniturilor-la-31.03.2024.pdf\">Transparenta veniturilor la 31.03.2024<\/a><a href=\"https:\/\/scoalanr178.ro\/wp-content\/uploads\/2024\/04\/Transparenta-veniturilor-la-31.03.2024.pdf\" class=\"wp-block-file__button wp-element-button\" download aria-describedby=\"wp-block-file--media-b8870173-81d7-46b4-97ff-ab4068b18e05\">Descarc\u0103<\/a><\/div>\n\n\n\n<div class=\"wp-block-file\"><a id=\"wp-block-file--media-f2d3aa79-744f-43d0-a0b6-9f3398b02daf\" href=\"https:\/\/scoalanr178.ro\/wp-content\/uploads\/2023\/10\/TRANSPARENTA-VENITURILOR-SALARIATILOR-LA-30.09.2023.pdf\">Transparen\u021ba veniturilor la 30.09.2023<\/a><a href=\"https:\/\/scoalanr178.ro\/wp-content\/uploads\/2023\/10\/TRANSPARENTA-VENITURILOR-SALARIATILOR-LA-30.09.2023.pdf\" class=\"wp-block-file__button wp-element-button\" download aria-describedby=\"wp-block-file--media-f2d3aa79-744f-43d0-a0b6-9f3398b02daf\">Descarc\u0103<\/a><\/div>\n\n\n\n<div class=\"wp-block-file\"><a id=\"wp-block-file--media-a42f6514-7ea6-4afa-8a52-8c0daa7714e9\" href=\"https:\/\/scoalanr178.ro\/wp-content\/uploads\/2023\/04\/Transparenta-veniturilor-31-martie-2023.pdf\">Transparenta veniturilor la 31.03.2023<\/a><a href=\"https:\/\/scoalanr178.ro\/wp-content\/uploads\/2023\/04\/Transparenta-veniturilor-31-martie-2023.pdf\" class=\"wp-block-file__button wp-element-button\" download aria-describedby=\"wp-block-file--media-a42f6514-7ea6-4afa-8a52-8c0daa7714e9\">Descarc\u0103<\/a><\/div>\n\n\n\n<div class=\"wp-block-file\"><a id=\"wp-block-file--media-20f22a8f-ee5c-4220-8fb1-558a51793ddd\" href=\"https:\/\/scoalanr178.ro\/wp-content\/uploads\/2022\/09\/Transparenta-veniturilor-la-31.09.2022.pdf\">Transparen\u021ba veniturilor la 30.09.2022<\/a><a href=\"https:\/\/scoalanr178.ro\/wp-content\/uploads\/2022\/09\/Transparenta-veniturilor-la-31.09.2022.pdf\" class=\"wp-block-file__button wp-element-button\" download aria-describedby=\"wp-block-file--media-20f22a8f-ee5c-4220-8fb1-558a51793ddd\">Descarc\u0103<\/a><\/div>\n","protected":false},"excerpt":{"rendered":"<p>Conform&nbsp;\u21d2&nbsp;Legii-cadru&nbsp;nr.153\/2017&nbsp;&nbsp;privind salarizarea personalului pl\u0103tit din fonduri publice prevede la art. 33,&nbsp;transparen\u0163a&nbsp;veniturilor salariale: 1) Toate autorit\u0103\u0163ile \u015fi institu\u0163iile publice enumerate la art. 2 alin. (1) \u015fi (3) vor publica la sediul propriu \u015fi pe pagina proprie de internet, \u00een datele de&nbsp;31 martie&nbsp;\u015fi&nbsp;30 septembrie&nbsp;ale fiec\u0103rui an, \u015fi vor men\u0163ine publicat\u0103 o list\u0103 a tuturor func\u0163iilor din autorit\u0103\u0163ile sau institu\u0163iile publice respective ce intr\u0103 \u00een categoria personalului pl\u0103tit din fonduri publice, cuprinz\u00e2nd urm\u0103toarele: a) salariul de baz\u0103, solda func\u0163iei de baz\u0103\/salariul func\u0163iei de baz\u0103, indemniza\u0163ia de \u00eencadrare sau indemniza\u0163ia lunar\u0103, dup\u0103 caz;b) tipul, baza de calcul, cota procentual\u0103, valoarea brut\u0103 a sporurilor, compensa\u0163iilor, adaosurilor, primelor \u015fi premiilor eligibile<span class=\"more-link-wrap\"><a class=\"more-link\" href=\"https:\/\/scoalanr178.ro\/?page_id=949\">Read More &rarr;<\/a><\/span><\/p>\n","protected":false},"author":1,"featured_media":0,"parent":0,"menu_order":0,"comment_status":"closed","ping_status":"closed","template":"","meta":{"footnotes":""},"class_list":["entry","author-stefan-gheorghe","post-949","page","type-page","status-publish"],"_links":{"self":[{"href":"https:\/\/scoalanr178.ro\/index.php?rest_route=\/wp\/v2\/pages\/949","targetHints":{"allow":["GET"]}}],"collection":[{"href":"https:\/\/scoalanr178.ro\/index.php?rest_route=\/wp\/v2\/pages"}],"about":[{"href":"https:\/\/scoalanr178.ro\/index.php?rest_route=\/wp\/v2\/types\/page"}],"author":[{"embeddable":true,"href":"https:\/\/scoalanr178.ro\/index.php?rest_route=\/wp\/v2\/users\/1"}],"replies":[{"embeddable":true,"href":"https:\/\/scoalanr178.ro\/index.php?rest_route=%2Fwp%2Fv2%2Fcomments&post=949"}],"version-history":[{"count":7,"href":"https:\/\/scoalanr178.ro\/index.php?rest_route=\/wp\/v2\/pages\/949\/revisions"}],"predecessor-version":[{"id":4958,"href":"https:\/\/scoalanr178.ro\/index.php?rest_route=\/wp\/v2\/pages\/949\/revisions\/4958"}],"wp:attachment":[{"href":"https:\/\/scoalanr178.ro\/index.php?rest_route=%2Fwp%2Fv2%2Fmedia&parent=949"}],"curies":[{"name":"wp","href":"https:\/\/api.w.org\/{rel}","templated":true}]}}