{"id":893,"date":"2022-04-29T11:26:50","date_gmt":"2022-04-29T11:26:50","guid":{"rendered":"http:\/\/scoalanr178.ro\/?page_id=893"},"modified":"2025-12-09T07:48:32","modified_gmt":"2025-12-09T07:48:32","slug":"echipa-manageriala","status":"publish","type":"page","link":"https:\/\/scoalanr178.ro\/?page_id=893","title":{"rendered":"Echipa manageriala"},"content":{"rendered":"<div class=\"wp-block-image is-style-rounded\">\n<figure class=\"aligncenter size-full\"><img loading=\"lazy\" decoding=\"async\" width=\"425\" height=\"319\" src=\"https:\/\/scoalanr178.ro\/wp-content\/uploads\/2022\/04\/Echipa_manageriala-425x319-1.jpg\" alt=\"\" class=\"wp-image-894\"\/><\/figure>\n<\/div>\n\n\n<p class=\"has-text-align-center\"><strong><u>CONSILIUL DE ADMINISTRA\u0162IE an scolar&nbsp;2025-2026<\/u><\/strong><\/p>\n\n\n\n<p class=\"has-text-align-center\">1.NI\u021aE MIHAELA GABRIELA \u2013 director<\/p>\n\n\n\n<p class=\"has-text-align-center\">Membri:<\/p>\n\n\n\n<p class=\"has-text-align-center\">2. ROMAN FORENTINA director adjunct<\/p>\n\n\n\n<p class=\"has-text-align-center\">3.STANCIU CONSTAN\u021aA \u2013 reprezentant al cadrelor didactice<\/p>\n\n\n\n<p class=\"has-text-align-center\">4.GHITA ALINA NICULINA \u2013 reprezentant al cadrelor didactice<\/p>\n\n\n\n<p class=\"has-text-align-center\">5. DAVIDESCU ELENA \u2013 reprezentant al cadrelor didactice<\/p>\n\n\n\n<p class=\"has-text-align-center\">6.POPESCU ALEXANDRU \u2013 reprezentantul Primarului Sectorului 1<\/p>\n\n\n\n<p class=\"has-text-align-center\">7.TUDOSE CRISTIAN ADRIAN \u2013 reprezentant al Consiliului Local al Sectorului 1<\/p>\n\n\n\n<p class=\"has-text-align-center\">8.DUMITRU CIPRIAN &#8211; reprezentant al Consiliului Local al Sectorului 1<\/p>\n\n\n\n<p class=\"has-text-align-center\">&nbsp;9.MATACHE SABINA- reprezentant al Comitetului Reprezentativ al P\u0103rin\u0163ilor<\/p>\n\n\n\n<p class=\"has-text-align-center\">10. VULTUR CRISTINA &#8211; reprezentant al Comitetului Reprezentativ al P\u0103rin\u0163ilor<\/p>\n\n\n\n<p class=\"has-text-align-center\">11.BOLDEANU MIHAELA &#8211; reprezentant al Comitetului Reprezentativ al P\u0103rin\u0163ilor<\/p>\n\n\n\n<p class=\"has-text-align-center\"><strong>Componen\u021ba Echipa managerial\u0103 pentru anul \u0219colar 2024-2025:<\/strong><\/p>\n\n\n\n<p class=\"has-text-align-center\"><strong><u>CONSILIUL DE ADMINISTRA\u0162IE<\/u><\/strong><\/p>\n\n\n\n<p class=\"has-text-align-center\">Pre\u0219edinte<\/p>\n\n\n\n<p class=\"has-text-align-center\">1.NI\u021aE MIHAELA GABRIELA \u2013 director<\/p>\n\n\n\n<p class=\"has-text-align-center\">&nbsp; &nbsp; &nbsp; &nbsp;Membri:<\/p>\n\n\n\n<p class=\"has-text-align-center\">2. ROMAN FORENTINA director adjunct<\/p>\n\n\n\n<p class=\"has-text-align-center\">3.STANCIU CONSTAN\u021aA \u2013&nbsp;reprezentant al cadrelor didactice<\/p>\n\n\n\n<p class=\"has-text-align-center\">4.GHITA ALINA NICULINA \u2013 reprezentant al cadrelor didactice<\/p>\n\n\n\n<p class=\"has-text-align-center\">5. SOLOMON MANUELA PAULA&nbsp;\u2013&nbsp;reprezentant al cadrelor didactice<\/p>\n\n\n\n<p class=\"has-text-align-center\">6.POPESCU ALEXANDRU \u2013 reprezentantul Primarului Sectorului 1<\/p>\n\n\n\n<p class=\"has-text-align-center\">7.TUDOSE CRISTIAN ADRIAN \u2013 reprezentant al Consiliului Local al Sectorului 1<\/p>\n\n\n\n<p class=\"has-text-align-center\">8.DUMITRU CIPRIAN &#8211; reprezentant al Consiliului Local al Sectorului 1<\/p>\n\n\n\n<p class=\"has-text-align-center\">&nbsp;9.MATACHE SABINA- reprezentant al Comitetului Reprezentativ al P\u0103rin\u0163ilor<\/p>\n\n\n\n<p class=\"has-text-align-center\">10.&nbsp;VULTUR CRISTINA &#8211; reprezentant al Comitetului Reprezentativ al P\u0103rin\u0163ilor11.BOLDEANU MIHAELA &#8211; reprezentant al Comitetului Reprezentativ al P\u0103rin\u0163ilor<\/p>\n\n\n\n<p class=\"has-text-align-center\"><strong>Consiliul de Administra\u0163ie al \u0218colii Gimnaziale Nr.178 pentru anul \u015fcola<\/strong><strong>r 2023-2024:<\/strong><\/p>\n\n\n\n<p class=\"has-text-align-center\">1.NI\u021aE MIHAELA GABRIELA \u2013 director<\/p>\n\n\n\n<p class=\"has-text-align-center\">Membri:<\/p>\n\n\n\n<p class=\"has-text-align-center\">2. ROMAN FORENTINA director adjunct<\/p>\n\n\n\n<p class=\"has-text-align-center\">3.STANCIU CONSTAN\u021aA \u2013 reprezentant al cadrelor didactice<\/p>\n\n\n\n<p class=\"has-text-align-center\">4.GHITA ALINA NICULINA \u2013 reprezentant al cadrelor didactice<\/p>\n\n\n\n<p class=\"has-text-align-center\">5. SOLOMON MANUELA PAULA \u2013 reprezentant al cadrelor didactice<\/p>\n\n\n\n<p class=\"has-text-align-center\">6.POPESCU ALEXANDRU \u2013 reprezentantul Primarului Sectorului 1<\/p>\n\n\n\n<p class=\"has-text-align-center\">7.TUDOSE CRISTIAN ADRIAN \u2013 reprezentant al Consiliului Local al Sectorului 1<\/p>\n\n\n\n<p class=\"has-text-align-center\">8.DUMITRU CIPRIAN &#8211; reprezentant al Consiliului Local al Sectorului 1<\/p>\n\n\n\n<p class=\"has-text-align-center\">&nbsp;9.MATACHE SABINA- reprezentant al Comitetului Reprezentativ al P\u0103rin\u0163ilor<\/p>\n\n\n\n<p class=\"has-text-align-center\">10. FRUNZARU VALERIU &#8211; reprezentant al Comitetului Reprezentativ al P\u0103rin\u0163ilor<\/p>\n\n\n\n<p class=\"has-text-align-center\">11.BOLDEANU MIHAELA &#8211; reprezentant al Comitetului Reprezentativ al P\u0103rin\u0163ilor<\/p>\n\n\n\n<hr class=\"wp-block-separator has-alpha-channel-opacity\"\/>\n\n\n\n<p><strong>Consiliul de Administra\u0163ie al \u0218colii Gimnaziale Nr.178 pentru anul \u015fcolar 2021-2022 _ 5 IANUARIE_2022&nbsp; &nbsp;dup\u0103 cum urmeaz\u0103:<\/strong><\/p>\n\n\n\n<p>Presedinte:<\/p>\n\n\n\n<p>1. NI\u021aE MIHAELA GABRIELA&nbsp;\u2013 director<\/p>\n\n\n\n<p>Membri:<\/p>\n\n\n\n<ol start=\"2\" class=\"wp-block-list\">\n<li>ROMAN FLORENTINA \u2013 director adjunct<\/li>\n\n\n\n<li>STANCIU CONSTANTA \u2013 reprezentant al cadrelor didactice<\/li>\n\n\n\n<li>GHITA ALINA NICULINA \u2013 reprezentant al cadrelor didactice<\/li>\n\n\n\n<li>POPESCU ALEXANDRU \u2013 reprezentantul Primarului Sectorului 1<\/li>\n\n\n\n<li>TUDOSE CRISTIAN ADRIAN \u2013 reprezentant al Consiliului Local al Sectorului 1<\/li>\n\n\n\n<li>DUMITRU CIPRIAN \u2013 reprezentant al Consiliului Local al Sectorului 1<\/li>\n\n\n\n<li>MATACHE SABINA- reprezentant al Comitetului Reprezentativ al P\u0103rin\u0163ilor<\/li>\n\n\n\n<li>ANTON IOANA ROXANA \u2013 reprezentant al Comitetului Reprezentativ al P\u0103rin\u0163ilor<\/li>\n<\/ol>\n\n\n\n<p><strong>Consiliul de Administra\u0163ie al \u0218colii Gimnaziale Nr.178 pentru anul \u015fcolar 2021-2022, 01.09.2021 dup\u0103 cum urmeaz\u0103:<\/strong><\/p>\n\n\n\n<p>Presedinte:<\/p>\n\n\n\n<p>1.LIXANDRU IONEL FLORIAN \u2013 director<\/p>\n\n\n\n<p>Membri:<\/p>\n\n\n\n<ol start=\"2\" class=\"wp-block-list\">\n<li>NI\u021aE MIHAELA GABRIELA director adjunct<\/li>\n\n\n\n<li>STANCIU CONSTANTA \u2013 reprezentant al cadrelor didactice<\/li>\n\n\n\n<li>GHITA ALINA NICULINA \u2013 reprezentant al cadrelor didactice<\/li>\n\n\n\n<li>POPESCU ALEXANDRU \u2013 reprezentantul Primarului Sectorului 1<\/li>\n\n\n\n<li>TUDOSE CRISTIAN ADRIAN \u2013 reprezentant al Consiliului Local al Sectorului 1<\/li>\n\n\n\n<li>DUMITRU CIPRIAN \u2013 reprezentant al Consiliului Local al Sectorului 1<\/li>\n\n\n\n<li>MATACHE SABINA- reprezentant al Comitetului Reprezentativ al P\u0103rin\u0163ilor<\/li>\n\n\n\n<li>ANTON IOANA ROXANA \u2013 reprezentant al Comitetului Reprezentativ al P\u0103rin\u0163ilor<\/li>\n<\/ol>\n\n\n\n<p>*******************************************************************<\/p>\n\n\n\n<p><strong>Consiliul de Administra\u0163ie<\/strong>&nbsp;<strong>al \u0218colii Gimnaziale Nr.178<\/strong>&nbsp;pentru anul \u015fcolar&nbsp;<strong>2020-2021<\/strong>, dup\u0103 cum urmeaz\u0103:<\/p>\n\n\n\n<ol class=\"wp-block-list\">\n<li>Presedinte: &nbsp;PAIZAN DANIELA \u2013 director<\/li>\n\n\n\n<li>ROMAN FLORENTINA \u2013 director adjunct<\/li>\n\n\n\n<li>STANCIU CONSTAN\u021aA \u2013 reprezentant al cadrelor didactice<\/li>\n\n\n\n<li>GHI\u021a\u0102 ALINA NICULINA \u2013 reprezentant al cadrelor didactice<\/li>\n\n\n\n<li>POPESCU ALEXANDRU\u2013 reprezentantul Primarului Sectorului 1<\/li>\n\n\n\n<li>CIUCULESCU CARMEN \u2013 reprezentant al Consiliului Local al Sectorului 1<\/li>\n\n\n\n<li>\u021aU\u021aUIANU ADINA \u2013 reprezentant al Consiliului Local al Sectorului 1<\/li>\n\n\n\n<li>DUMITRESCU ION- reprezentant al Comitetului Reprezentativ al P\u0103rin\u0163ilor<\/li>\n\n\n\n<li>POPA GEORGETA \u2013 reprezentant al Comitetului Reprezentativ al P\u0103rin\u0163ilor<\/li>\n<\/ol>\n\n\n\n<p>Observatori:<\/p>\n\n\n\n<p>ILIE IOANA \u2013reprezentant sindicat SIPR SECTOR 5 \u2013 observator<\/p>\n\n\n\n<p>S\u0102VEANU LAURA \u2013&nbsp; reprezentant sindicat SPIRU HARET- observator<\/p>\n\n\n\n<p>******<\/p>\n\n\n\n<p><strong>Consiliul de Administra\u0163ie<\/strong>&nbsp;<strong>al \u0218colii Gimnaziale Nr.178<\/strong><br>pentru anul \u015fcolar&nbsp;<strong>2017-2018<\/strong>:<\/p>\n\n\n\n<p><strong>Presedinte:<\/strong>&nbsp;PAIZAN DANIELA \u2013 director<\/p>\n\n\n\n<p><strong>Membri:<\/strong><\/p>\n\n\n\n<ol class=\"wp-block-list\">\n<li>ROMAN FLORENTINA \u2013 director adjunct<\/li>\n\n\n\n<li>STANCIU CONSTANTA \u2013 reprezentant al cadrelor didactice<\/li>\n\n\n\n<li>GHITA ALINA NICULINA \u2013 reprezentant al cadrelor didactice<\/li>\n\n\n\n<li>BERCEANU EUGEN \u2013 reprezentantul Primarului Sectorului 1<\/li>\n\n\n\n<li>DRAGOMIR MARIAN \u2013 reprezentant al Consiliului Local al Sectorului 1<\/li>\n\n\n\n<li>ZAMFIR VICTOR \u2013 reprezentant al Consiliului Local al Sectorului 1<\/li>\n\n\n\n<li>DUMITRESCU ION- reprezentant al Comitetului Reprezentativ al P\u0103rin\u0163ilor<\/li>\n\n\n\n<li>IONESCU SEBASTIAN \u2013 reprezentant al Comitetului Reprezentativ al P\u0103rin\u0163ilor<\/li>\n<\/ol>\n\n\n\n<p><strong>Observatori:<\/strong><\/p>\n\n\n\n<p>ILIE IOANA \u2013 reprezentant sindicat SIPR SECTOR 5<br>S\u0102VEANU LAURA \u2013&nbsp; reprezentant sindicat SPIRU HARET<\/p>\n\n\n\n<div class=\"wp-block-file\"><a id=\"wp-block-file--media-8c2bdf4e-7bcf-43dc-a489-d107dca1cce4\" href=\"https:\/\/scoalanr178.ro\/wp-content\/uploads\/2022\/04\/CONSILIUL-DE-ADMINISTRATIE-2016-2017.pdf\">CONSILIUL-DE-ADMINISTRATIE-2016-2017<\/a><a href=\"https:\/\/scoalanr178.ro\/wp-content\/uploads\/2022\/04\/CONSILIUL-DE-ADMINISTRATIE-2016-2017.pdf\" class=\"wp-block-file__button wp-element-button\" download aria-describedby=\"wp-block-file--media-8c2bdf4e-7bcf-43dc-a489-d107dca1cce4\">Descarc\u0103<\/a><\/div>\n\n\n\n<div class=\"wp-block-file\"><a id=\"wp-block-file--media-4f7e7878-c1a1-41e6-90a9-2c252a177d58\" href=\"https:\/\/scoalanr178.ro\/wp-content\/uploads\/2022\/04\/CONSILIUL-DE-ADMINISTRATIE-2015-2016.pdf\">CONSILIUL-DE-ADMINISTRATIE-2015-2016<\/a><a href=\"https:\/\/scoalanr178.ro\/wp-content\/uploads\/2022\/04\/CONSILIUL-DE-ADMINISTRATIE-2015-2016.pdf\" class=\"wp-block-file__button wp-element-button\" download aria-describedby=\"wp-block-file--media-4f7e7878-c1a1-41e6-90a9-2c252a177d58\">Descarc\u0103<\/a><\/div>\n\n\n\n<div class=\"wp-block-file\"><a id=\"wp-block-file--media-fc534de9-307c-4e30-9fa5-db341714d6b4\" href=\"https:\/\/scoalanr178.ro\/wp-content\/uploads\/2022\/04\/CONSILIUL-DE-ADMINISTRATIE-2014-2015.pdf\">CONSILIUL-DE-ADMINISTRATIE-2014-2015<\/a><a href=\"https:\/\/scoalanr178.ro\/wp-content\/uploads\/2022\/04\/CONSILIUL-DE-ADMINISTRATIE-2014-2015.pdf\" class=\"wp-block-file__button wp-element-button\" download aria-describedby=\"wp-block-file--media-fc534de9-307c-4e30-9fa5-db341714d6b4\">Descarc\u0103<\/a><\/div>\n\n\n\n<div class=\"wp-block-file\"><a id=\"wp-block-file--media-2967e703-999f-4c31-8d22-f5bd8a862069\" href=\"https:\/\/scoalanr178.ro\/wp-content\/uploads\/2022\/04\/CONSILIUL-DE-ADMINISTRATIE-2013-2014.pdf\">CONSILIUL-DE-ADMINISTRATIE-2013-2014<\/a><a href=\"https:\/\/scoalanr178.ro\/wp-content\/uploads\/2022\/04\/CONSILIUL-DE-ADMINISTRATIE-2013-2014.pdf\" class=\"wp-block-file__button wp-element-button\" download aria-describedby=\"wp-block-file--media-2967e703-999f-4c31-8d22-f5bd8a862069\">Descarc\u0103<\/a><\/div>\n","protected":false},"excerpt":{"rendered":"<p>CONSILIUL DE ADMINISTRA\u0162IE an scolar&nbsp;2025-2026 1.NI\u021aE MIHAELA GABRIELA \u2013 director Membri: 2. ROMAN FORENTINA director adjunct 3.STANCIU CONSTAN\u021aA \u2013 reprezentant al cadrelor didactice 4.GHITA ALINA NICULINA \u2013 reprezentant al cadrelor didactice 5. DAVIDESCU ELENA \u2013 reprezentant al cadrelor didactice 6.POPESCU ALEXANDRU \u2013 reprezentantul Primarului Sectorului 1 7.TUDOSE CRISTIAN ADRIAN \u2013 reprezentant al Consiliului Local al Sectorului 1 8.DUMITRU CIPRIAN &#8211; reprezentant al Consiliului Local al Sectorului 1 &nbsp;9.MATACHE SABINA- reprezentant al Comitetului Reprezentativ al P\u0103rin\u0163ilor 10. VULTUR CRISTINA &#8211; reprezentant al Comitetului Reprezentativ al P\u0103rin\u0163ilor 11.BOLDEANU MIHAELA &#8211; reprezentant al Comitetului Reprezentativ al P\u0103rin\u0163ilor Componen\u021ba Echipa managerial\u0103 pentru anul \u0219colar 2024-2025: CONSILIUL DE ADMINISTRA\u0162IE Pre\u0219edinte<span class=\"more-link-wrap\"><a class=\"more-link\" href=\"https:\/\/scoalanr178.ro\/?page_id=893\">Read More &rarr;<\/a><\/span><\/p>\n","protected":false},"author":1,"featured_media":0,"parent":0,"menu_order":0,"comment_status":"closed","ping_status":"closed","template":"","meta":{"footnotes":""},"class_list":["entry","author-stefan-gheorghe","post-893","page","type-page","status-publish"],"_links":{"self":[{"href":"https:\/\/scoalanr178.ro\/index.php?rest_route=\/wp\/v2\/pages\/893","targetHints":{"allow":["GET"]}}],"collection":[{"href":"https:\/\/scoalanr178.ro\/index.php?rest_route=\/wp\/v2\/pages"}],"about":[{"href":"https:\/\/scoalanr178.ro\/index.php?rest_route=\/wp\/v2\/types\/page"}],"author":[{"embeddable":true,"href":"https:\/\/scoalanr178.ro\/index.php?rest_route=\/wp\/v2\/users\/1"}],"replies":[{"embeddable":true,"href":"https:\/\/scoalanr178.ro\/index.php?rest_route=%2Fwp%2Fv2%2Fcomments&post=893"}],"version-history":[{"count":3,"href":"https:\/\/scoalanr178.ro\/index.php?rest_route=\/wp\/v2\/pages\/893\/revisions"}],"predecessor-version":[{"id":4682,"href":"https:\/\/scoalanr178.ro\/index.php?rest_route=\/wp\/v2\/pages\/893\/revisions\/4682"}],"wp:attachment":[{"href":"https:\/\/scoalanr178.ro\/index.php?rest_route=%2Fwp%2Fv2%2Fmedia&parent=893"}],"curies":[{"name":"wp","href":"https:\/\/api.w.org\/{rel}","templated":true}]}}