{"id":755,"date":"2022-04-29T09:14:23","date_gmt":"2022-04-29T09:14:23","guid":{"rendered":"http:\/\/scoalanr178.ro\/?page_id=755"},"modified":"2025-10-03T11:25:30","modified_gmt":"2025-10-03T11:25:30","slug":"examene","status":"publish","type":"page","link":"https:\/\/scoalanr178.ro\/?page_id=755","title":{"rendered":"Examene"},"content":{"rendered":"\n<h2 class=\"wp-block-heading has-text-align-center\">Examene 2026<\/h2>\n\n\n\n<div class=\"wp-block-file\"><a id=\"wp-block-file--media-a760af0e-c838-4f99-ba3f-eb6ab87ac33a\" href=\"https:\/\/scoalanr178.ro\/wp-content\/uploads\/2025\/10\/OMEC-nr.6058-din-29.08.2025.pdf\">OMEC nr.6058 din 29.08.2025<\/a><a href=\"https:\/\/scoalanr178.ro\/wp-content\/uploads\/2025\/10\/OMEC-nr.6058-din-29.08.2025.pdf\" class=\"wp-block-file__button wp-element-button\" download aria-describedby=\"wp-block-file--media-a760af0e-c838-4f99-ba3f-eb6ab87ac33a\">Descarc\u0103<\/a><\/div>\n\n\n\n<div class=\"wp-block-file\"><a id=\"wp-block-file--media-a7ec264d-4d7f-4c8b-9c7f-79372a34fe28\" href=\"https:\/\/scoalanr178.ro\/wp-content\/uploads\/2025\/10\/Metodologie-EN-2-4-6-2025-2026.pdf\">Metodologie-EN-2-4-6-2025-2026<\/a><a href=\"https:\/\/scoalanr178.ro\/wp-content\/uploads\/2025\/10\/Metodologie-EN-2-4-6-2025-2026.pdf\" class=\"wp-block-file__button wp-element-button\" download aria-describedby=\"wp-block-file--media-a7ec264d-4d7f-4c8b-9c7f-79372a34fe28\">Descarc\u0103<\/a><\/div>\n\n\n\n<h2 class=\"wp-block-heading has-text-align-center\">Examene 2025<\/h2>\n\n\n\n<div class=\"wp-block-file\"><a id=\"wp-block-file--media-b7a2808a-7bc0-4950-9d1a-83ca1d76f996\" href=\"https:\/\/scoalanr178.ro\/wp-content\/uploads\/2025\/07\/Model_cerere_contestatii.docx\">Model_cerere_contestatii<\/a><a href=\"https:\/\/scoalanr178.ro\/wp-content\/uploads\/2025\/07\/Model_cerere_contestatii.docx\" class=\"wp-block-file__button wp-element-button\" download aria-describedby=\"wp-block-file--media-b7a2808a-7bc0-4950-9d1a-83ca1d76f996\">Descarc\u0103<\/a><\/div>\n\n\n\n<div class=\"wp-block-file\"><a id=\"wp-block-file--media-6183fd8e-f403-4864-8801-36f3efb0869a\" href=\"https:\/\/scoalanr178.ro\/wp-content\/uploads\/2025\/07\/ANEXA_1_Cerere_vizualizare_lucrarii_scrise_Proc_2526.docx\">ANEXA_1_Cerere_vizualizare_lucrarii_scrise_Proc_2526<\/a><a href=\"https:\/\/scoalanr178.ro\/wp-content\/uploads\/2025\/07\/ANEXA_1_Cerere_vizualizare_lucrarii_scrise_Proc_2526.docx\" class=\"wp-block-file__button wp-element-button\" download aria-describedby=\"wp-block-file--media-6183fd8e-f403-4864-8801-36f3efb0869a\">Descarc\u0103<\/a><\/div>\n\n\n\n<div class=\"wp-block-file\"><a id=\"wp-block-file--media-748bf3b1-7d2d-4130-9924-f7cedbe09337\" href=\"https:\/\/scoalanr178.ro\/wp-content\/uploads\/2025\/07\/PROGRAMARE_VIZUALIZARE_CONTESTATII_LUCRARI.xlsx\">PROGRAMARE_VIZUALIZARE_CONTESTATII_LUCRARI<\/a><a href=\"https:\/\/scoalanr178.ro\/wp-content\/uploads\/2025\/07\/PROGRAMARE_VIZUALIZARE_CONTESTATII_LUCRARI.xlsx\" class=\"wp-block-file__button wp-element-button\" download aria-describedby=\"wp-block-file--media-748bf3b1-7d2d-4130-9924-f7cedbe09337\">Descarc\u0103<\/a><\/div>\n\n\n\n<div class=\"wp-block-buttons is-content-justification-center is-layout-flex wp-container-core-buttons-is-layout-16018d1d wp-block-buttons-is-layout-flex\">\n<div class=\"wp-block-button\"><a class=\"wp-block-button__link wp-element-button\" href=\"http:\/\/ismb.edu.ro\/index.php\/en\/en\">ISMB<\/a><\/div>\n<\/div>\n\n\n\n<hr class=\"wp-block-separator has-alpha-channel-opacity is-style-wide\"\/>\n\n\n\n<div class=\"wp-block-file\"><a id=\"wp-block-file--media-215123e7-865e-479b-8a20-f2fe2fe570d3\" href=\"https:\/\/scoalanr178.ro\/wp-content\/uploads\/2024\/09\/Adresa-ISMB-Nr.-26347-18.09.2024-ref.-la-Evaluare-Nationala-II-IV-VI.pdf\">Adres\u0103 ISMB Nr. 26347 18.09.2024 ref. la Evaluare Na\u021bional\u0103 II, IV, VI.<\/a><a href=\"https:\/\/scoalanr178.ro\/wp-content\/uploads\/2024\/09\/Adresa-ISMB-Nr.-26347-18.09.2024-ref.-la-Evaluare-Nationala-II-IV-VI.pdf\" class=\"wp-block-file__button wp-element-button\" download aria-describedby=\"wp-block-file--media-215123e7-865e-479b-8a20-f2fe2fe570d3\">Descarc\u0103<\/a><\/div>\n\n\n\n<div class=\"wp-block-file\"><a id=\"wp-block-file--media-314f405d-f990-48f9-be8e-7e653b49b35a\" href=\"https:\/\/scoalanr178.ro\/wp-content\/uploads\/2024\/09\/OM_6479_2024_ENVIII_2024_2025-1.pdf\">OM_6479_2024_ENVIII_2024_2025<\/a><a href=\"https:\/\/scoalanr178.ro\/wp-content\/uploads\/2024\/09\/OM_6479_2024_ENVIII_2024_2025-1.pdf\" class=\"wp-block-file__button wp-element-button\" download aria-describedby=\"wp-block-file--media-314f405d-f990-48f9-be8e-7e653b49b35a\">Descarc\u0103<\/a><\/div>\n\n\n\n<h2 class=\"wp-block-heading has-text-align-center\">Examene 2024<\/h2>\n\n\n\n<p><strong>1.&nbsp;<\/strong><a href=\"https:\/\/legislatie.just.ro\/Public\/DetaliiDocument\/274203\" target=\"_blank\" rel=\"noreferrer noopener\"> <\/a><a href=\"https:\/\/legislatie.just.ro\/Public\/DetaliiDocument\/274203\" target=\"_blank\" rel=\"noreferrer noopener\">Ordinul de ministru nr. 6.155\/31.08.2023<\/a>.<\/p>\n\n\n\n<p><strong>2.<\/strong> <a href=\"https:\/\/scoalanr178.ro\/wp-content\/uploads\/2023\/11\/Calendar-Ordin-Evaluarea-Nationala-2023-2024-Monitorul-Oficial-Partea-I-nr.-795-2.pdf\">Calendar examene Evaluare nationala clasa a VIII-a 2024<\/a><\/p>\n\n\n\n<p><strong>3.<\/strong><a href=\"https:\/\/scoalanr178.ro\/wp-content\/uploads\/2024\/03\/calendar-evaluare-nationala-clase-II-IV-VI-Monitorul-Oficial-Partea-I-nr.-138.pdf\" data-type=\"link\" data-id=\"https:\/\/scoalanr178.ro\/wp-content\/uploads\/2024\/03\/calendar-evaluare-nationala-clase-II-IV-VI-Monitorul-Oficial-Partea-I-nr.-138.pdf\">Calendar evaluare nationala clase II-IV-VI Monitorul Oficial &#8211; Partea I Nr.138<\/a><\/p>\n\n\n\n<p><strong>4.<\/strong> <a href=\"https:\/\/scoalanr178.ro\/wp-content\/uploads\/2023\/12\/Simulare-evaluare-nationala-OME-6760_7.12.2023.pdf\">Simulare evaluare nationala OME 6760_7.12.2023<\/a><\/p>\n\n\n\n<figure class=\"wp-block-image size-full\"><img loading=\"lazy\" decoding=\"async\" width=\"845\" height=\"793\" src=\"https:\/\/scoalanr178.ro\/wp-content\/uploads\/2023\/11\/calendar_simplificat_ENVII_2024.jpg\" alt=\"\" class=\"wp-image-3317\"\/><\/figure>\n\n\n\n<p><strong>3.&nbsp;<a href=\"https:\/\/www.edu.ro\/sites\/default\/files\/_fi%C8%99iere\/Minister\/2024\/examene_20_24\/Procedura_egalizare_sanse_exanene_nationale_2024.pdf\" target=\"_blank\" rel=\"noreferrer noopener\">PROCEDUR\u0102<\/a><\/strong><a href=\"https:\/\/www.edu.ro\/sites\/default\/files\/_fi%C8%99iere\/Minister\/2024\/examene_20_24\/Procedura_egalizare_sanse_exanene_nationale_2024.pdf\" target=\"_blank\" rel=\"noreferrer noopener\">&nbsp;<strong>cu privire la asigurarea condi\u021biilor de egalizare a \u0219anselor<\/strong><\/a>&nbsp;pentru elevii cu deficien\u021be de vedere, deficien\u021be de auz \u0219i tulbur\u0103ri de neurodezvoltare care sus\u021bin examenele na\u021bionale: evaluarea na\u021bional\u0103 pentru absolven\u021bii clasei&nbsp; a VIII-a \u0219i&nbsp;examenul na\u021bional de bacalaureat &#8211;&nbsp;<strong>sesiunea 2024 si cerere<\/strong><\/p>\n\n\n\n<hr class=\"wp-block-separator has-alpha-channel-opacity is-style-wide\"\/>\n\n\n\n<h2 class=\"wp-block-heading has-text-align-center has-large-font-size\">Examene 2023<\/h2>\n\n\n\n<h2 class=\"wp-block-heading\">Evaluarea na\u021bional\u0103 pentru clasa a VI-a va avea loc \u00een zilele de 12 iunie &#8211; Limb\u0103 \u0219i comunicare, respectiv 13 iunie &#8211; Matematic\u0103 \u0219i \u0219tiin\u021be ale naturii.<br><\/h2>\n\n\n\n<p><a href=\"https:\/\/www.edu.ro\/informare_reactualizare_calendar_ENVI\" title=\"Informare Reactualizare Calendar ENV\">Informare Reactualizare Calendar ENV<\/a> &#8211; Link<\/p>\n\n\n\n<h2 class=\"wp-block-heading\">Examene Evaluare na\u021bional\u0103 clasele:  2, 4, 6<\/h2>\n\n\n\n<div class=\"wp-block-file\"><a id=\"wp-block-file--media-a1102824-f8d6-413f-85e6-2d5c2b28b117\" href=\"https:\/\/scoalanr178.ro\/wp-content\/uploads\/2023\/05\/OME-4300_22.05.2023.pdf\">OME 4300_22.05.2023<\/a><a href=\"https:\/\/scoalanr178.ro\/wp-content\/uploads\/2023\/05\/OME-4300_22.05.2023.pdf\" class=\"wp-block-file__button wp-element-button\" download aria-describedby=\"wp-block-file--media-a1102824-f8d6-413f-85e6-2d5c2b28b117\">Download<\/a><\/div>\n\n\n\n<h2 class=\"wp-block-heading\">Ordin organizare simulare examene nationale 2022-2023<\/h2>\n\n\n\n<div class=\"wp-block-file\"><a id=\"wp-block-file--media-cc9d1bb7-9c13-4392-ab7d-b9285b662f1c\" href=\"https:\/\/scoalanr178.ro\/wp-content\/uploads\/2023\/02\/Ordin-organizare-simulare-examene-nationale-2022-2023.pdf\">Ordin organizare simulare examene nationale 2022-2023<\/a><a href=\"https:\/\/scoalanr178.ro\/wp-content\/uploads\/2023\/02\/Ordin-organizare-simulare-examene-nationale-2022-2023.pdf\" class=\"wp-block-file__button wp-element-button\" download aria-describedby=\"wp-block-file--media-cc9d1bb7-9c13-4392-ab7d-b9285b662f1c\">Download<\/a><\/div>\n\n\n\n<h2 class=\"wp-block-heading\">Aprobarea Calendarului de administrare a evalu\u0103rilor na\u0163ionale<\/h2>\n\n\n\n<div class=\"wp-block-file\"><a id=\"wp-block-file--media-d76f8c01-74ec-4912-847a-a96962a99f44\" href=\"https:\/\/scoalanr178.ro\/wp-content\/uploads\/2022\/09\/ordinul-5-359-2022-m-of-902-din-13-sep-2022_1.pdf\">ordinul-5-359-2022-m-of-902-din-13-sep-2022_1<\/a><a href=\"https:\/\/scoalanr178.ro\/wp-content\/uploads\/2022\/09\/ordinul-5-359-2022-m-of-902-din-13-sep-2022_1.pdf\" class=\"wp-block-file__button wp-element-button\" download aria-describedby=\"wp-block-file--media-d76f8c01-74ec-4912-847a-a96962a99f44\">Download<\/a><\/div>\n\n\n\n<h2 class=\"wp-block-heading\">Organizarea \u0219i desf\u0103\u0219urarea evalu\u0103rii na\u021bionale<\/h2>\n\n\n\n<div class=\"wp-block-file\"><a id=\"wp-block-file--media-eac3acc0-b381-4ffe-8749-a122f04e2d12\" href=\"https:\/\/scoalanr178.ro\/wp-content\/uploads\/2022\/10\/ordin_evaluare-nationala_calendar_2022-2023.docx\">ordin_evaluare-na\u021bional\u0103_calendar_2022-2023<\/a><a href=\"https:\/\/scoalanr178.ro\/wp-content\/uploads\/2022\/10\/ordin_evaluare-nationala_calendar_2022-2023.docx\" class=\"wp-block-file__button wp-element-button\" download aria-describedby=\"wp-block-file--media-eac3acc0-b381-4ffe-8749-a122f04e2d12\">Download<\/a><\/div>\n\n\n\n<h2 class=\"wp-block-heading\">Organizarea \u0219i desf\u0103\u0219urarea admiterii \u00een \u00eenv\u0103\u021b\u0103m\u00e2ntul liceal<\/h2>\n\n\n\n<div class=\"wp-block-file\"><a id=\"wp-block-file--media-7abe8bfb-7872-4b5a-9418-3c4339e9ded0\" href=\"https:\/\/scoalanr178.ro\/wp-content\/uploads\/2022\/09\/ordin_admitere-liceu-2023-2024.pdf\">ordin_admitere-liceu-2023-2024<\/a><a href=\"https:\/\/scoalanr178.ro\/wp-content\/uploads\/2022\/09\/ordin_admitere-liceu-2023-2024.pdf\" class=\"wp-block-file__button wp-element-button\" download aria-describedby=\"wp-block-file--media-7abe8bfb-7872-4b5a-9418-3c4339e9ded0\">Download<\/a><\/div>\n\n\n\n<hr class=\"wp-block-separator has-alpha-channel-opacity is-style-wide\"\/>\n\n\n\n<div class=\"wp-block-columns is-layout-flex wp-container-core-columns-is-layout-9d6595d7 wp-block-columns-is-layout-flex\">\n<div class=\"wp-block-column is-layout-flow wp-block-column-is-layout-flow\" style=\"flex-basis:100%\">\n<h2 class=\"wp-block-heading has-text-align-center has-large-font-size\">Examene 2022<\/h2>\n<\/div>\n<\/div>\n\n\n\n<h2 class=\"wp-block-heading\">Simulare examene na\u021bionale \u00een anul \u0219colar 2021 \u2013 2022<\/h2>\n\n\n\n<div class=\"wp-block-file\"><a id=\"wp-block-file--media-5d0b16cf-76bb-43ce-b0c4-e1cd1b051f30\" href=\"https:\/\/scoalanr178.gddservices.ro\/wp-content\/uploads\/2022\/04\/Anexa_1_calendar-simulare_0.pdf\">Anexa 1 Calendar Simulare<\/a><a href=\"https:\/\/scoalanr178.gddservices.ro\/wp-content\/uploads\/2022\/04\/Anexa_1_calendar-simulare_0.pdf\" class=\"wp-block-file__button wp-element-button\" download aria-describedby=\"wp-block-file--media-5d0b16cf-76bb-43ce-b0c4-e1cd1b051f30\">Download<\/a><\/div>\n\n\n\n<div class=\"wp-block-file\"><a id=\"wp-block-file--media-aec1bdf8-cfbc-4fd7-a39d-4daed88fdad5\" href=\"https:\/\/scoalanr178.gddservices.ro\/wp-content\/uploads\/2022\/04\/OME_3054_2022_simulare_EN_VIII_BAC_2022.pdf\">OME 3054 2022 Simulare EN VIII BAC 2022<\/a><a href=\"https:\/\/scoalanr178.gddservices.ro\/wp-content\/uploads\/2022\/04\/OME_3054_2022_simulare_EN_VIII_BAC_2022.pdf\" class=\"wp-block-file__button wp-element-button\" download aria-describedby=\"wp-block-file--media-aec1bdf8-cfbc-4fd7-a39d-4daed88fdad5\">Download<\/a><\/div>\n\n\n\n<h2 class=\"wp-block-heading\">Evaluarea Na\u021bional\u0103 pentru elevii clasei a VIII-a<\/h2>\n\n\n\n<div class=\"wp-block-file\"><a id=\"wp-block-file--media-30f72884-ab8b-4961-b3c4-f3ac888e22ae\" href=\"https:\/\/scoalanr178.gddservices.ro\/wp-content\/uploads\/2022\/04\/Ordin-5.149_2021-EN-VIII_2022.pdf\">Ordin-5.149_2021-EN-VIII_2022<\/a><a href=\"https:\/\/scoalanr178.gddservices.ro\/wp-content\/uploads\/2022\/04\/Ordin-5.149_2021-EN-VIII_2022.pdf\" class=\"wp-block-file__button wp-element-button\" download aria-describedby=\"wp-block-file--media-30f72884-ab8b-4961-b3c4-f3ac888e22ae\">Download<\/a><\/div>\n\n\n\n<div class=\"wp-block-buttons is-layout-flex wp-block-buttons-is-layout-flex\">\n<div class=\"wp-block-button alignleft\"><a class=\"wp-block-button__link wp-element-button\" href=\"https:\/\/www.edu.ro\/evaluarea-na%C8%9Bional%C4%83-elevilor-de-clasa-viii-en-viii\">Evaluarea Na\u021bional\u0103 a elevilor de clasa a VIII-a (EN VIII)<\/a><\/div>\n<\/div>\n\n\n\n<p class=\"has-text-align-center has-medium-font-size\"><\/p>\n\n\n\n<p><\/p>\n","protected":false},"excerpt":{"rendered":"<p>Examene 2026 Examene 2025 Examene 2024 1.&nbsp; Ordinul de ministru nr. 6.155\/31.08.2023. 2. Calendar examene Evaluare nationala clasa a VIII-a 2024 3.Calendar evaluare nationala clase II-IV-VI Monitorul Oficial &#8211; Partea I Nr.138 4. Simulare evaluare nationala OME 6760_7.12.2023 3.&nbsp;PROCEDUR\u0102&nbsp;cu privire la asigurarea condi\u021biilor de egalizare a \u0219anselor&nbsp;pentru elevii cu deficien\u021be de vedere, deficien\u021be de auz \u0219i tulbur\u0103ri de neurodezvoltare care sus\u021bin examenele na\u021bionale: evaluarea na\u021bional\u0103 pentru absolven\u021bii clasei&nbsp; a VIII-a \u0219i&nbsp;examenul na\u021bional de bacalaureat &#8211;&nbsp;sesiunea 2024 si cerere Examene 2023 Evaluarea na\u021bional\u0103 pentru clasa a VI-a va avea loc \u00een zilele de 12 iunie &#8211; Limb\u0103 \u0219i comunicare, respectiv 13 iunie &#8211; Matematic\u0103 \u0219i \u0219tiin\u021be<span class=\"more-link-wrap\"><a class=\"more-link\" href=\"https:\/\/scoalanr178.ro\/?page_id=755\">Read More &rarr;<\/a><\/span><\/p>\n","protected":false},"author":2,"featured_media":0,"parent":0,"menu_order":0,"comment_status":"closed","ping_status":"closed","template":"","meta":{"footnotes":""},"class_list":["entry","author-florian-gogea","post-755","page","type-page","status-publish"],"_links":{"self":[{"href":"https:\/\/scoalanr178.ro\/index.php?rest_route=\/wp\/v2\/pages\/755","targetHints":{"allow":["GET"]}}],"collection":[{"href":"https:\/\/scoalanr178.ro\/index.php?rest_route=\/wp\/v2\/pages"}],"about":[{"href":"https:\/\/scoalanr178.ro\/index.php?rest_route=\/wp\/v2\/types\/page"}],"author":[{"embeddable":true,"href":"https:\/\/scoalanr178.ro\/index.php?rest_route=\/wp\/v2\/users\/2"}],"replies":[{"embeddable":true,"href":"https:\/\/scoalanr178.ro\/index.php?rest_route=%2Fwp%2Fv2%2Fcomments&post=755"}],"version-history":[{"count":8,"href":"https:\/\/scoalanr178.ro\/index.php?rest_route=\/wp\/v2\/pages\/755\/revisions"}],"predecessor-version":[{"id":4670,"href":"https:\/\/scoalanr178.ro\/index.php?rest_route=\/wp\/v2\/pages\/755\/revisions\/4670"}],"wp:attachment":[{"href":"https:\/\/scoalanr178.ro\/index.php?rest_route=%2Fwp%2Fv2%2Fmedia&parent=755"}],"curies":[{"name":"wp","href":"https:\/\/api.w.org\/{rel}","templated":true}]}}