{"id":4644,"date":"2025-09-24T18:06:39","date_gmt":"2025-09-24T18:06:39","guid":{"rendered":"https:\/\/scoalanr178.ro\/?page_id=4644"},"modified":"2025-09-24T18:06:41","modified_gmt":"2025-09-24T18:06:41","slug":"titlu-consultare-publica-hub-educational-pajura-spune-ne-cum-vrei-sa-arate-curtea-scolii-178-pentru-tine-si-copilul-tau","status":"publish","type":"page","link":"https:\/\/scoalanr178.ro\/?page_id=4644","title":{"rendered":"Titlu:\u00a0Consultare public\u0103 \u2013 Hub Educa\u021bional Pajura: spune-ne cum vrei s\u0103 arate curtea \u0218colii 178 pentru tine \u0219i copilul t\u0103u!"},"content":{"rendered":"\n<p>\u0218coala Gimnazial\u0103 Nr.178, \u00eempreun\u0103 cu comunitatea din Pajura, porne\u0219te consultarea pentru&nbsp;<strong>Hub-ul Educa\u021bional Pajura<\/strong>&nbsp;(curtea \u0219colii + bazinul de \u00eenot + viitoarea cre\u0219\u0103). Vrem un spa\u021biu&nbsp;<strong>mai sigur, mai verde \u0219i mai util<\/strong>&nbsp;pentru copii, p\u0103rin\u021bi, profesori \u0219i vecini. Te invit\u0103m s\u0103 completezi&nbsp;<strong>chestionarul online<\/strong>&nbsp;\u0219i s\u0103 ne spui ce&nbsp;<strong>p\u0103str\u0103m<\/strong>, ce&nbsp;<strong>\u00eembun\u0103t\u0103\u021bim<\/strong>&nbsp;\u0219i&nbsp;<strong>ce facem prima dat\u0103<\/strong>.<\/p>\n\n\n\n<p><strong>Cine poate participa?<\/strong>&nbsp;Elevi, p\u0103rin\u021bi, cadre didactice;locuitori din Pajura \u0219i din cartierele apropiate (Sector 1).<\/p>\n\n\n\n<p><strong>Cum participi?<\/strong>Online: completezi \u00een 8\u201310 minute, anonim, aici:&nbsp;<a href=\"https:\/\/urbanizehub.typeform.com\/to\/LxOeTAlf\" target=\"_blank\" rel=\"noreferrer noopener\">https:\/\/urbanizehub.typeform.com\/to\/LxOeTAlf&nbsp;<\/a>(deschis p\u00e2n\u0103 la 26 sept 2025).<\/p>\n\n\n\n<p><strong>Offline:<\/strong>&nbsp;g\u0103se\u0219ti afi\u0219e cu QR \u00een \u0219coal\u0103, la Secretariat\/ bibliotec\u0103. Dac\u0103 ai nevoie de ajutor la completare sau orice alt\u0103 \u00eentrebare: spune-ne la email&nbsp;&nbsp;<a href=\"mailto:andra@urbanizehub.com\">andra@urbanizehub.com<\/a>.<\/p>\n\n\n\n<p><strong>Despre proiect:<br><\/strong>Consultarea comunit\u0103\u021bii din Pajura face parte din elaborarea&nbsp;<strong>conceptului integrat de amenajare a Hub-ului Educa\u021bional Pajura<\/strong>, care va transforma curtea \u0219i spa\u021biile din jur \u00eentr-un&nbsp;<strong>nucleu educa\u021bional, sportiv \u0219i recreativ<\/strong>&nbsp;pentru comunitate.<\/p>\n\n\n\n<p><strong>Calendar pe scurt:<\/strong><\/p>\n\n\n\n<p><strong>Chestionar:<\/strong>&nbsp;16 sept &#8211; 26 sept 2025<\/p>\n\n\n\n<p>Focus grupuri\/ateliere: septembrie &#8211; octombrie 2025.<\/p>\n\n\n\n<p><strong>Confiden\u021bialitate:<br><\/strong>R\u0103spunsurile tale sunt anonime \u2013 nu cerem nume \u0219i nu le putem lega de tine. Le folosim doar ca s\u0103 \u00een\u021belegem ce \u00ee\u0219i dore\u0219te comunitatea \u0219i s\u0103 preg\u0103tim planul de amenajare.<\/p>\n\n\n\n<p>Dac\u0103 alegi s\u0103 la\u0219i e-mail sau telefon, aceste date sunt colectate separat, folosite numai pentru a-\u021bi trimite nout\u0103\u021bi despre proiect, nu sunt date mai departe \u0219i pot fi \u0219terse oric\u00e2nd, la cererea ta.<strong>\u00centreb\u0103ri?<br><\/strong>&nbsp;Scrie-ne la&nbsp;<a href=\"mailto:andra@urbanizehub.com\"><strong>andra@urbanizehub.com<\/strong><\/a><\/p>\n\n\n<div class=\"wp-block-image\">\n<figure class=\"aligncenter size-full\"><img loading=\"lazy\" decoding=\"async\" width=\"1536\" height=\"1536\" src=\"https:\/\/scoalanr178.ro\/wp-content\/uploads\/2025\/09\/Pajura-vizual-chestionar-insta-copy.jpg\" alt=\"\" class=\"wp-image-4645\"\/><\/figure>\n<\/div>","protected":false},"excerpt":{"rendered":"<p>\u0218coala Gimnazial\u0103 Nr.178, \u00eempreun\u0103 cu comunitatea din Pajura, porne\u0219te consultarea pentru&nbsp;Hub-ul Educa\u021bional Pajura&nbsp;(curtea \u0219colii + bazinul de \u00eenot + viitoarea cre\u0219\u0103). Vrem un spa\u021biu&nbsp;mai sigur, mai verde \u0219i mai util&nbsp;pentru copii, p\u0103rin\u021bi, profesori \u0219i vecini. Te invit\u0103m s\u0103 completezi&nbsp;chestionarul online&nbsp;\u0219i s\u0103 ne spui ce&nbsp;p\u0103str\u0103m, ce&nbsp;\u00eembun\u0103t\u0103\u021bim&nbsp;\u0219i&nbsp;ce facem prima dat\u0103. Cine poate participa?&nbsp;Elevi, p\u0103rin\u021bi, cadre didactice;locuitori din Pajura \u0219i din cartierele apropiate (Sector 1). Cum participi?Online: completezi \u00een 8\u201310 minute, anonim, aici:&nbsp;https:\/\/urbanizehub.typeform.com\/to\/LxOeTAlf&nbsp;(deschis p\u00e2n\u0103 la 26 sept 2025). Offline:&nbsp;g\u0103se\u0219ti afi\u0219e cu QR \u00een \u0219coal\u0103, la Secretariat\/ bibliotec\u0103. Dac\u0103 ai nevoie de ajutor la completare sau orice alt\u0103 \u00eentrebare: spune-ne la email&nbsp;&nbsp;andra@urbanizehub.com. Despre proiect:Consultarea comunit\u0103\u021bii din Pajura face parte<span class=\"more-link-wrap\"><a class=\"more-link\" href=\"https:\/\/scoalanr178.ro\/?page_id=4644\">Read More &rarr;<\/a><\/span><\/p>\n","protected":false},"author":3,"featured_media":0,"parent":0,"menu_order":0,"comment_status":"closed","ping_status":"closed","template":"","meta":{"footnotes":""},"class_list":["entry","author-cristian-ene","post-4644","page","type-page","status-publish"],"_links":{"self":[{"href":"https:\/\/scoalanr178.ro\/index.php?rest_route=\/wp\/v2\/pages\/4644","targetHints":{"allow":["GET"]}}],"collection":[{"href":"https:\/\/scoalanr178.ro\/index.php?rest_route=\/wp\/v2\/pages"}],"about":[{"href":"https:\/\/scoalanr178.ro\/index.php?rest_route=\/wp\/v2\/types\/page"}],"author":[{"embeddable":true,"href":"https:\/\/scoalanr178.ro\/index.php?rest_route=\/wp\/v2\/users\/3"}],"replies":[{"embeddable":true,"href":"https:\/\/scoalanr178.ro\/index.php?rest_route=%2Fwp%2Fv2%2Fcomments&post=4644"}],"version-history":[{"count":1,"href":"https:\/\/scoalanr178.ro\/index.php?rest_route=\/wp\/v2\/pages\/4644\/revisions"}],"predecessor-version":[{"id":4646,"href":"https:\/\/scoalanr178.ro\/index.php?rest_route=\/wp\/v2\/pages\/4644\/revisions\/4646"}],"wp:attachment":[{"href":"https:\/\/scoalanr178.ro\/index.php?rest_route=%2Fwp%2Fv2%2Fmedia&parent=4644"}],"curies":[{"name":"wp","href":"https:\/\/api.w.org\/{rel}","templated":true}]}}