{"id":3452,"date":"2024-03-04T10:46:53","date_gmt":"2024-03-04T10:46:53","guid":{"rendered":"https:\/\/scoalanr178.ro\/?page_id=3452"},"modified":"2024-12-20T11:09:15","modified_gmt":"2024-12-20T11:09:15","slug":"proiecte-2024","status":"publish","type":"page","link":"https:\/\/scoalanr178.ro\/?page_id=3452","title":{"rendered":"Proiecte 2024"},"content":{"rendered":"\n<h2 class=\"wp-block-heading\">Edi\u021bia a XI-a 2024 a Proiectului \u201dDin suflete curate de copii. \u00cei \u00eempodobim \u0219i-i d\u0103ruim\u201d<\/h2>\n\n\n\n<p>Edi\u021bia a XI-a 2024 a Proiectului \u201dDin suflete curate de copii. \u00cei \u00eempodobim \u0219i-i d\u0103ruim\u201d a \u00eenceput prin \u00eempodobirea celor 31 de brazi de c\u0103tre elevi, p\u0103rin\u021bi \u0219i cadre didactice care s-au \u00eentrecut \u00een imagina\u021bie \u0219i au adus \u00een fiecare clas\u0103 bucuria Cr\u0103ciunului.<\/p>\n\n\n\n<p>Felicit\u0103ri pentru minuna\u021bii br\u0103du\u021bi care vor aduce multe alte bucurii celor care \u00eei vor primi \u00een aceste zile \u0219i vor avea s\u0103rb\u0103tori fericite!<\/p>\n\n\n<div class=\"wp-block-image\">\n<figure class=\"aligncenter size-full\"><img loading=\"lazy\" decoding=\"async\" width=\"1600\" height=\"1131\" src=\"https:\/\/scoalanr178.ro\/wp-content\/uploads\/2024\/12\/Anunt-proiect-Brazi-2024.jpeg\" alt=\"\" class=\"wp-image-3919\"\/><\/figure>\n<\/div>\n\n\n<figure class=\"wp-block-gallery has-nested-images columns-default is-cropped wp-block-gallery-1 is-layout-flex wp-block-gallery-is-layout-flex\">\n<figure class=\"wp-block-image size-large\"><img loading=\"lazy\" decoding=\"async\" width=\"5472\" height=\"3648\" data-id=\"3942\" src=\"https:\/\/scoalanr178.ro\/wp-content\/uploads\/2024\/12\/1C.jpg\" alt=\"\" class=\"wp-image-3942\"\/><\/figure>\n\n\n\n<figure class=\"wp-block-image size-large\"><img loading=\"lazy\" decoding=\"async\" width=\"5472\" height=\"3648\" data-id=\"3941\" src=\"https:\/\/scoalanr178.ro\/wp-content\/uploads\/2024\/12\/1D.jpg\" alt=\"\" class=\"wp-image-3941\"\/><\/figure>\n\n\n\n<figure class=\"wp-block-image size-large\"><img loading=\"lazy\" decoding=\"async\" width=\"5472\" height=\"3648\" data-id=\"3940\" src=\"https:\/\/scoalanr178.ro\/wp-content\/uploads\/2024\/12\/2A.jpg\" alt=\"\" class=\"wp-image-3940\"\/><\/figure>\n\n\n\n<figure class=\"wp-block-image size-large\"><img loading=\"lazy\" decoding=\"async\" width=\"5472\" height=\"3648\" data-id=\"3939\" src=\"https:\/\/scoalanr178.ro\/wp-content\/uploads\/2024\/12\/2B.jpg\" alt=\"\" class=\"wp-image-3939\"\/><\/figure>\n\n\n\n<figure class=\"wp-block-image size-large\"><img loading=\"lazy\" decoding=\"async\" width=\"5472\" height=\"3648\" data-id=\"3938\" src=\"https:\/\/scoalanr178.ro\/wp-content\/uploads\/2024\/12\/2C.jpg\" alt=\"\" class=\"wp-image-3938\"\/><\/figure>\n\n\n\n<figure class=\"wp-block-image size-large\"><img loading=\"lazy\" decoding=\"async\" width=\"5472\" height=\"3648\" data-id=\"3937\" src=\"https:\/\/scoalanr178.ro\/wp-content\/uploads\/2024\/12\/2D.jpg\" alt=\"\" class=\"wp-image-3937\"\/><\/figure>\n\n\n\n<figure class=\"wp-block-image size-large\"><img loading=\"lazy\" decoding=\"async\" width=\"5472\" height=\"3648\" data-id=\"3936\" src=\"https:\/\/scoalanr178.ro\/wp-content\/uploads\/2024\/12\/3A.jpg\" alt=\"\" class=\"wp-image-3936\"\/><\/figure>\n\n\n\n<figure class=\"wp-block-image size-large\"><img loading=\"lazy\" decoding=\"async\" width=\"5472\" height=\"3648\" data-id=\"3935\" src=\"https:\/\/scoalanr178.ro\/wp-content\/uploads\/2024\/12\/3B.jpg\" alt=\"\" class=\"wp-image-3935\"\/><\/figure>\n\n\n\n<figure class=\"wp-block-image size-large\"><img loading=\"lazy\" decoding=\"async\" width=\"5472\" height=\"3648\" data-id=\"3934\" src=\"https:\/\/scoalanr178.ro\/wp-content\/uploads\/2024\/12\/3C.jpg\" alt=\"\" class=\"wp-image-3934\"\/><\/figure>\n\n\n\n<figure class=\"wp-block-image size-large\"><img loading=\"lazy\" decoding=\"async\" width=\"5472\" height=\"3648\" data-id=\"3933\" src=\"https:\/\/scoalanr178.ro\/wp-content\/uploads\/2024\/12\/4A.jpg\" alt=\"\" class=\"wp-image-3933\"\/><\/figure>\n\n\n\n<figure class=\"wp-block-image size-large\"><img loading=\"lazy\" decoding=\"async\" width=\"5472\" height=\"3648\" data-id=\"3932\" src=\"https:\/\/scoalanr178.ro\/wp-content\/uploads\/2024\/12\/4B.jpg\" alt=\"\" class=\"wp-image-3932\"\/><\/figure>\n\n\n\n<figure class=\"wp-block-image size-large\"><img loading=\"lazy\" decoding=\"async\" width=\"5472\" height=\"3648\" data-id=\"3931\" src=\"https:\/\/scoalanr178.ro\/wp-content\/uploads\/2024\/12\/4C.jpg\" alt=\"\" class=\"wp-image-3931\"\/><\/figure>\n\n\n\n<figure class=\"wp-block-image size-large\"><img loading=\"lazy\" decoding=\"async\" width=\"5472\" height=\"3648\" data-id=\"3930\" src=\"https:\/\/scoalanr178.ro\/wp-content\/uploads\/2024\/12\/5A.jpg\" alt=\"\" class=\"wp-image-3930\"\/><\/figure>\n\n\n\n<figure class=\"wp-block-image size-large\"><img loading=\"lazy\" decoding=\"async\" width=\"5472\" height=\"3648\" data-id=\"3929\" src=\"https:\/\/scoalanr178.ro\/wp-content\/uploads\/2024\/12\/5B.jpg\" alt=\"\" class=\"wp-image-3929\"\/><\/figure>\n\n\n\n<figure class=\"wp-block-image size-large\"><img loading=\"lazy\" decoding=\"async\" width=\"5472\" height=\"3648\" data-id=\"3928\" src=\"https:\/\/scoalanr178.ro\/wp-content\/uploads\/2024\/12\/5C.jpg\" alt=\"\" class=\"wp-image-3928\"\/><\/figure>\n\n\n\n<figure class=\"wp-block-image size-large\"><img loading=\"lazy\" decoding=\"async\" width=\"5472\" height=\"3648\" data-id=\"3927\" src=\"https:\/\/scoalanr178.ro\/wp-content\/uploads\/2024\/12\/6A.jpg\" alt=\"\" class=\"wp-image-3927\"\/><\/figure>\n\n\n\n<figure class=\"wp-block-image size-large\"><img loading=\"lazy\" decoding=\"async\" width=\"1536\" height=\"2048\" data-id=\"3926\" src=\"https:\/\/scoalanr178.ro\/wp-content\/uploads\/2024\/12\/6B.jpeg\" alt=\"\" class=\"wp-image-3926\"\/><\/figure>\n\n\n\n<figure class=\"wp-block-image size-large\"><img loading=\"lazy\" decoding=\"async\" width=\"5472\" height=\"3648\" data-id=\"3925\" src=\"https:\/\/scoalanr178.ro\/wp-content\/uploads\/2024\/12\/6C.jpg\" alt=\"\" class=\"wp-image-3925\"\/><\/figure>\n\n\n\n<figure class=\"wp-block-image size-large\"><img loading=\"lazy\" decoding=\"async\" width=\"5472\" height=\"3648\" data-id=\"3924\" src=\"https:\/\/scoalanr178.ro\/wp-content\/uploads\/2024\/12\/7A.jpg\" alt=\"\" class=\"wp-image-3924\"\/><\/figure>\n\n\n\n<figure class=\"wp-block-image size-large\"><img loading=\"lazy\" decoding=\"async\" width=\"5472\" height=\"3648\" data-id=\"3922\" src=\"https:\/\/scoalanr178.ro\/wp-content\/uploads\/2024\/12\/7C.jpg\" alt=\"\" class=\"wp-image-3922\"\/><\/figure>\n\n\n\n<figure class=\"wp-block-image size-large\"><img loading=\"lazy\" decoding=\"async\" width=\"5472\" height=\"3648\" data-id=\"3921\" src=\"https:\/\/scoalanr178.ro\/wp-content\/uploads\/2024\/12\/8B.jpg\" alt=\"\" class=\"wp-image-3921\"\/><\/figure>\n\n\n\n<figure class=\"wp-block-image size-large\"><img loading=\"lazy\" decoding=\"async\" width=\"5472\" height=\"3648\" data-id=\"3920\" src=\"https:\/\/scoalanr178.ro\/wp-content\/uploads\/2024\/12\/8C.jpg\" alt=\"\" class=\"wp-image-3920\"\/><\/figure>\n\n\n\n<figure class=\"wp-block-image size-large\"><img loading=\"lazy\" decoding=\"async\" width=\"5472\" height=\"3648\" data-id=\"3914\" src=\"https:\/\/scoalanr178.ro\/wp-content\/uploads\/2024\/12\/0D.jpg\" alt=\"\" class=\"wp-image-3914\"\/><\/figure>\n\n\n\n<figure class=\"wp-block-image size-large\"><img loading=\"lazy\" decoding=\"async\" width=\"5472\" height=\"3648\" data-id=\"3913\" src=\"https:\/\/scoalanr178.ro\/wp-content\/uploads\/2024\/12\/0E.jpg\" alt=\"\" class=\"wp-image-3913\"\/><\/figure>\n\n\n\n<figure class=\"wp-block-image size-large\"><img loading=\"lazy\" decoding=\"async\" width=\"5472\" height=\"3648\" data-id=\"3912\" src=\"https:\/\/scoalanr178.ro\/wp-content\/uploads\/2024\/12\/1A.jpg\" alt=\"\" class=\"wp-image-3912\"\/><\/figure>\n\n\n\n<figure class=\"wp-block-image size-large\"><img loading=\"lazy\" decoding=\"async\" width=\"5472\" height=\"3648\" data-id=\"3918\" src=\"https:\/\/scoalanr178.ro\/wp-content\/uploads\/2024\/12\/8A.jpg\" alt=\"\" class=\"wp-image-3918\"\/><\/figure>\n\n\n\n<figure class=\"wp-block-image size-large\"><img loading=\"lazy\" decoding=\"async\" width=\"5472\" height=\"3648\" data-id=\"3917\" src=\"https:\/\/scoalanr178.ro\/wp-content\/uploads\/2024\/12\/0A.jpg\" alt=\"\" class=\"wp-image-3917\"\/><\/figure>\n\n\n\n<figure class=\"wp-block-image size-large\"><img loading=\"lazy\" decoding=\"async\" width=\"5472\" height=\"3648\" data-id=\"3916\" src=\"https:\/\/scoalanr178.ro\/wp-content\/uploads\/2024\/12\/0B.jpg\" alt=\"\" class=\"wp-image-3916\"\/><\/figure>\n\n\n\n<figure class=\"wp-block-image size-large\"><img loading=\"lazy\" decoding=\"async\" width=\"5472\" height=\"3648\" data-id=\"3915\" src=\"https:\/\/scoalanr178.ro\/wp-content\/uploads\/2024\/12\/0C.jpg\" alt=\"\" class=\"wp-image-3915\"\/><\/figure>\n<\/figure>\n\n\n\n<h2 class=\"wp-block-heading\">Activitatea dedicat\u01ce Zilei Na\u021bionale a Rom\u00e2niei -1 Decembrie &#8222;Drag de \u021bara mea&#8221; 29.11.2024 Edi\u021bia a IV-a.<\/h2>\n\n\n\n<p><img loading=\"lazy\" decoding=\"async\" height=\"16\" width=\"16\" alt=\"\ud83d\udc99\" src=\"https:\/\/static.xx.fbcdn.net\/images\/emoji.php\/v9\/t6c\/1\/16\/1f499.png\"><img loading=\"lazy\" decoding=\"async\" height=\"16\" width=\"16\" alt=\"\ud83d\udc9b\" src=\"https:\/\/static.xx.fbcdn.net\/images\/emoji.php\/v9\/t15\/1\/16\/1f49b.png\"><img loading=\"lazy\" decoding=\"async\" height=\"16\" width=\"16\" alt=\"\u2764\" src=\"https:\/\/static.xx.fbcdn.net\/images\/emoji.php\/v9\/t6c\/1\/16\/2764.png\">&#8222;La mul\u021bi ani, ROM\u00c2NIA ! &#8222;<img loading=\"lazy\" decoding=\"async\" height=\"16\" width=\"16\" alt=\"\ud83c\uddf7\ud83c\uddf4\" src=\"https:\/\/static.xx.fbcdn.net\/images\/emoji.php\/v9\/te5\/1\/16\/1f1f7_1f1f4.png\"><\/p>\n\n\n\n<p>&#8221; La mul\u021bi ani, rom\u00e2ni !&#8221;<\/p>\n\n\n\n<figure class=\"wp-block-gallery has-nested-images columns-default is-cropped wp-block-gallery-2 is-layout-flex wp-block-gallery-is-layout-flex\">\n<figure class=\"wp-block-image size-large is-style-default\"><img loading=\"lazy\" decoding=\"async\" width=\"5472\" height=\"3648\" data-id=\"3906\" src=\"https:\/\/scoalanr178.ro\/wp-content\/uploads\/2024\/12\/DSC00028.jpg\" alt=\"\" class=\"wp-image-3906\"\/><\/figure>\n\n\n\n<figure class=\"wp-block-image size-large\"><img loading=\"lazy\" decoding=\"async\" width=\"5472\" height=\"3648\" data-id=\"3905\" src=\"https:\/\/scoalanr178.ro\/wp-content\/uploads\/2024\/12\/DSC00023.jpg\" alt=\"\" class=\"wp-image-3905\"\/><\/figure>\n\n\n\n<figure class=\"wp-block-image size-large\"><img loading=\"lazy\" decoding=\"async\" width=\"5472\" height=\"3648\" data-id=\"3904\" src=\"https:\/\/scoalanr178.ro\/wp-content\/uploads\/2024\/12\/DSC00009.jpg\" alt=\"\" class=\"wp-image-3904\"\/><\/figure>\n\n\n\n<figure class=\"wp-block-image size-large\"><img loading=\"lazy\" decoding=\"async\" width=\"2048\" height=\"1536\" data-id=\"3903\" src=\"https:\/\/scoalanr178.ro\/wp-content\/uploads\/2024\/12\/WhatsApp-Image-2024-11-29-at-12.13.26-1.jpeg\" alt=\"\" class=\"wp-image-3903\"\/><\/figure>\n\n\n\n<figure class=\"wp-block-image size-large\"><img loading=\"lazy\" decoding=\"async\" width=\"2048\" height=\"1536\" data-id=\"3902\" src=\"https:\/\/scoalanr178.ro\/wp-content\/uploads\/2024\/12\/WhatsApp-Image-2024-11-29-at-12.13.23.jpeg\" alt=\"\" class=\"wp-image-3902\"\/><\/figure>\n\n\n\n<figure class=\"wp-block-image size-large\"><img loading=\"lazy\" decoding=\"async\" width=\"4032\" height=\"3024\" data-id=\"3901\" src=\"https:\/\/scoalanr178.ro\/wp-content\/uploads\/2024\/12\/IMG_1382.jpg\" alt=\"\" class=\"wp-image-3901\"\/><\/figure>\n\n\n\n<figure class=\"wp-block-image size-large\"><img loading=\"lazy\" decoding=\"async\" width=\"4032\" height=\"3024\" data-id=\"3899\" src=\"https:\/\/scoalanr178.ro\/wp-content\/uploads\/2024\/12\/IMG_1378.jpg\" alt=\"\" class=\"wp-image-3899\"\/><\/figure>\n\n\n\n<figure class=\"wp-block-image size-large\"><img loading=\"lazy\" decoding=\"async\" width=\"4032\" height=\"3024\" data-id=\"3898\" src=\"https:\/\/scoalanr178.ro\/wp-content\/uploads\/2024\/12\/IMG_1377.jpg\" alt=\"\" class=\"wp-image-3898\"\/><\/figure>\n\n\n\n<figure class=\"wp-block-image size-large\"><img loading=\"lazy\" decoding=\"async\" width=\"4032\" height=\"3024\" data-id=\"3900\" src=\"https:\/\/scoalanr178.ro\/wp-content\/uploads\/2024\/12\/IMG_1380.jpg\" alt=\"\" class=\"wp-image-3900\"\/><\/figure>\n\n\n\n<figure class=\"wp-block-image size-large\"><img loading=\"lazy\" decoding=\"async\" width=\"4032\" height=\"3024\" data-id=\"3897\" src=\"https:\/\/scoalanr178.ro\/wp-content\/uploads\/2024\/12\/IMG_1376.jpg\" alt=\"\" class=\"wp-image-3897\"\/><\/figure>\n\n\n\n<figure class=\"wp-block-image size-large\"><img loading=\"lazy\" decoding=\"async\" width=\"4032\" height=\"3024\" data-id=\"3896\" src=\"https:\/\/scoalanr178.ro\/wp-content\/uploads\/2024\/12\/IMG_1364.jpg\" alt=\"\" class=\"wp-image-3896\"\/><\/figure>\n\n\n\n<figure class=\"wp-block-image size-large\"><img loading=\"lazy\" decoding=\"async\" width=\"4032\" height=\"3024\" data-id=\"3895\" src=\"https:\/\/scoalanr178.ro\/wp-content\/uploads\/2024\/12\/IMG_1362.jpg\" alt=\"\" class=\"wp-image-3895\"\/><\/figure>\n<\/figure>\n\n\n\n<p>\u00cen fiecare an, consider\u0103m un eveniment important data t\u00e2rgului de Cr\u0103ciun, pentru care copiii \u00eendruma\u021bi de doamnele \u00eenv\u0103\u021b\u0103toare \u0219i profesori se preg\u0103tesc cu emo\u021bie \u0219i bucurie. P\u0103rin\u021bii sunt, de asemenea ner\u0103bd\u0103tori a\u0219tept\u00e2nd s\u0103 vad\u0103 munca copiilor \u0219i ce idei noi pot decora casa de Cr\u0103ciun. Elevii au fost ajuta\u021bi \u0219i de p\u0103rin\u021bi care au preg\u0103tit dulciuri \u0219i au confec\u021bionat felicit\u0103ri, ornamente pentru brad, coroni\u021be, globuri, ghirlande, stelu\u021be, recipiente cu condimente \u0219i br\u0103du\u021bi ornamentali, pe care le-au adunat \u00eentr-o expozi\u021bie cu v\u00e2nzare pentru copii \u0219i p\u0103rin\u021bi, iar fondurile str\u00e2nse vor fi folosite \u00een scopuri caritabile. Mul\u021bumim tuturor pentru implicare<\/p>\n\n\n\n<figure class=\"wp-block-image size-full\"><img loading=\"lazy\" decoding=\"async\" width=\"1653\" height=\"2338\" src=\"https:\/\/scoalanr178.ro\/wp-content\/uploads\/2024\/12\/Anunt-Targ-de-Craciun-11.12.2024.jpg\" alt=\"\" class=\"wp-image-3954\"\/><\/figure>\n\n\n\n<figure class=\"wp-block-gallery has-nested-images columns-default is-cropped wp-block-gallery-3 is-layout-flex wp-block-gallery-is-layout-flex\">\n<figure class=\"wp-block-image size-large\"><img loading=\"lazy\" decoding=\"async\" width=\"5472\" height=\"3648\" data-id=\"3968\" src=\"https:\/\/scoalanr178.ro\/wp-content\/uploads\/2024\/12\/DSC00132.jpg\" alt=\"\" class=\"wp-image-3968\"\/><\/figure>\n\n\n\n<figure class=\"wp-block-image size-large\"><img loading=\"lazy\" decoding=\"async\" width=\"5472\" height=\"3648\" data-id=\"3969\" src=\"https:\/\/scoalanr178.ro\/wp-content\/uploads\/2024\/12\/DSC00142.jpg\" alt=\"\" class=\"wp-image-3969\"\/><\/figure>\n\n\n\n<figure class=\"wp-block-image size-large\"><img loading=\"lazy\" decoding=\"async\" width=\"5472\" height=\"3648\" data-id=\"3962\" src=\"https:\/\/scoalanr178.ro\/wp-content\/uploads\/2024\/12\/DSC00101.jpg\" alt=\"\" class=\"wp-image-3962\"\/><\/figure>\n\n\n\n<figure class=\"wp-block-image size-large\"><img loading=\"lazy\" decoding=\"async\" width=\"5472\" height=\"3648\" data-id=\"3961\" src=\"https:\/\/scoalanr178.ro\/wp-content\/uploads\/2024\/12\/DSC00076.jpg\" alt=\"\" class=\"wp-image-3961\"\/><\/figure>\n\n\n\n<figure class=\"wp-block-image size-large\"><img loading=\"lazy\" decoding=\"async\" width=\"5472\" height=\"3648\" data-id=\"3960\" src=\"https:\/\/scoalanr178.ro\/wp-content\/uploads\/2024\/12\/DSC00072.jpg\" alt=\"\" class=\"wp-image-3960\"\/><\/figure>\n\n\n\n<figure class=\"wp-block-image size-large\"><img loading=\"lazy\" decoding=\"async\" width=\"5472\" height=\"3648\" data-id=\"3967\" src=\"https:\/\/scoalanr178.ro\/wp-content\/uploads\/2024\/12\/DSC00127.jpg\" alt=\"\" class=\"wp-image-3967\"\/><\/figure>\n\n\n\n<figure class=\"wp-block-image size-large\"><img loading=\"lazy\" decoding=\"async\" width=\"5472\" height=\"3648\" data-id=\"3966\" src=\"https:\/\/scoalanr178.ro\/wp-content\/uploads\/2024\/12\/DSC00126.jpg\" alt=\"\" class=\"wp-image-3966\"\/><\/figure>\n\n\n\n<figure class=\"wp-block-image size-large\"><img loading=\"lazy\" decoding=\"async\" width=\"5472\" height=\"3648\" data-id=\"3965\" src=\"https:\/\/scoalanr178.ro\/wp-content\/uploads\/2024\/12\/DSC00113.jpg\" alt=\"\" class=\"wp-image-3965\"\/><\/figure>\n\n\n\n<figure class=\"wp-block-image size-large\"><img loading=\"lazy\" decoding=\"async\" width=\"5472\" height=\"3648\" data-id=\"3964\" src=\"https:\/\/scoalanr178.ro\/wp-content\/uploads\/2024\/12\/DSC00109.jpg\" alt=\"\" class=\"wp-image-3964\"\/><\/figure>\n\n\n\n<figure class=\"wp-block-image size-large\"><img loading=\"lazy\" decoding=\"async\" width=\"5472\" height=\"3648\" data-id=\"3963\" src=\"https:\/\/scoalanr178.ro\/wp-content\/uploads\/2024\/12\/DSC00104.jpg\" alt=\"\" class=\"wp-image-3963\"\/><\/figure>\n\n\n\n<figure class=\"wp-block-image size-large\"><img loading=\"lazy\" decoding=\"async\" width=\"5472\" height=\"3648\" data-id=\"3956\" src=\"https:\/\/scoalanr178.ro\/wp-content\/uploads\/2024\/12\/DSC00046.jpg\" alt=\"\" class=\"wp-image-3956\"\/><\/figure>\n\n\n\n<figure class=\"wp-block-image size-large\"><img loading=\"lazy\" decoding=\"async\" width=\"5472\" height=\"3648\" data-id=\"3958\" src=\"https:\/\/scoalanr178.ro\/wp-content\/uploads\/2024\/12\/DSC00053.jpg\" alt=\"\" class=\"wp-image-3958\"\/><\/figure>\n\n\n\n<figure class=\"wp-block-image size-large\"><img loading=\"lazy\" decoding=\"async\" width=\"5472\" height=\"3648\" data-id=\"3959\" src=\"https:\/\/scoalanr178.ro\/wp-content\/uploads\/2024\/12\/DSC00065.jpg\" alt=\"\" class=\"wp-image-3959\"\/><\/figure>\n\n\n\n<figure class=\"wp-block-image size-large\"><img loading=\"lazy\" decoding=\"async\" width=\"5472\" height=\"3648\" data-id=\"3957\" src=\"https:\/\/scoalanr178.ro\/wp-content\/uploads\/2024\/12\/DSC00048.jpg\" alt=\"\" class=\"wp-image-3957\"\/><\/figure>\n\n\n\n<figure class=\"wp-block-image size-large\"><img loading=\"lazy\" decoding=\"async\" width=\"5472\" height=\"3648\" data-id=\"3955\" src=\"https:\/\/scoalanr178.ro\/wp-content\/uploads\/2024\/12\/DSC00040.jpg\" alt=\"\" class=\"wp-image-3955\"\/><\/figure>\n\n\n\n<figure class=\"wp-block-image size-large\"><img loading=\"lazy\" decoding=\"async\" width=\"5472\" height=\"3648\" data-id=\"3953\" src=\"https:\/\/scoalanr178.ro\/wp-content\/uploads\/2024\/12\/DSC00161.jpg\" alt=\"\" class=\"wp-image-3953\"\/><\/figure>\n\n\n\n<figure class=\"wp-block-image size-large\"><img loading=\"lazy\" decoding=\"async\" width=\"5472\" height=\"3648\" data-id=\"3952\" src=\"https:\/\/scoalanr178.ro\/wp-content\/uploads\/2024\/12\/DSC00160.jpg\" alt=\"\" class=\"wp-image-3952\"\/><\/figure>\n<\/figure>\n\n\n\n<hr class=\"wp-block-separator has-alpha-channel-opacity is-style-wide\"\/>\n\n\n\n<h2 class=\"wp-block-heading\">Proiectul social-caritabil &#8221; Un dar mic pentru o fericire mare&#8221; inclus \u00een CAER 2024<\/h2>\n\n\n\n<p>\u00cen data de 28.02.2024, s-a desf\u0103\u0219urat T\u00e2rgul de m\u0103r\u021bi\u0219oare din cadrul Proiectului social-caritabil &#8221; Un dar mic pentru o fericire mare&#8221; inclus \u00een CAER 2024, unde elevii \u0219colii noastre au prezentat cele mai surprinz\u0103toare m\u0103r\u021bi\u0219oare.<\/p>\n\n\n\n<p>Pentru c\u0103 suntem o \u0219coala ECO, au folosit la realizarea acestora materiale reciclabile. T\u00e2rgul a fost realizat cu sprijinul p\u0103rin\u021bilor \u0219i coordonarea cadrelor didactice. Cu ocazia m\u0103r\u021bi\u0219orului se vor preg\u0103ti daruri din partea noastr\u0103 \u0219i a elevilor <a><\/a>no\u0219tri, pentru a fi d\u0103ruite doamnelor din Centrul \u201dSf. Elena\u201d din Sectorul 1 Bucure\u0219ti.<\/p>\n\n\n\n<p>V\u0103 ur\u0103m tuturor o prim\u0103var\u0103 frumoas\u0103 cu zile senine, z\u00e2mbete \u0219i voie buna!<img loading=\"lazy\" decoding=\"async\" alt=\"\ud83c\udf40\" src=\"https:\/\/static.xx.fbcdn.net\/images\/emoji.php\/v9\/t87\/1\/16\/1f340.png\" width=\"16\" height=\"16\"><\/p>\n\n\n\n<figure class=\"wp-block-gallery has-nested-images columns-6 is-cropped wp-block-gallery-4 is-layout-flex wp-block-gallery-is-layout-flex\">\n<figure class=\"wp-block-image size-large\"><img loading=\"lazy\" decoding=\"async\" width=\"4032\" height=\"3024\" data-id=\"3453\" src=\"https:\/\/scoalanr178.ro\/wp-content\/uploads\/2024\/03\/IMG_4316.jpg\" alt=\"\" class=\"wp-image-3453\"\/><\/figure>\n\n\n\n<figure class=\"wp-block-image size-large\"><img loading=\"lazy\" decoding=\"async\" width=\"4032\" height=\"3024\" data-id=\"3454\" src=\"https:\/\/scoalanr178.ro\/wp-content\/uploads\/2024\/03\/IMG_4327.jpg\" alt=\"\" class=\"wp-image-3454\"\/><\/figure>\n\n\n\n<figure class=\"wp-block-image size-large\"><img loading=\"lazy\" decoding=\"async\" width=\"2048\" height=\"1536\" data-id=\"3455\" src=\"https:\/\/scoalanr178.ro\/wp-content\/uploads\/2024\/03\/WhatsApp-Image-2024-02-28-at-12.16.12-2.jpeg\" alt=\"\" class=\"wp-image-3455\"\/><\/figure>\n\n\n\n<figure class=\"wp-block-image size-large\"><img loading=\"lazy\" decoding=\"async\" width=\"2048\" height=\"1536\" data-id=\"3456\" src=\"https:\/\/scoalanr178.ro\/wp-content\/uploads\/2024\/03\/WhatsApp-Image-2024-02-28-at-11.30.55-1.jpeg\" alt=\"\" class=\"wp-image-3456\"\/><\/figure>\n\n\n\n<figure class=\"wp-block-image size-large\"><img loading=\"lazy\" decoding=\"async\" width=\"1536\" height=\"2048\" data-id=\"3457\" src=\"https:\/\/scoalanr178.ro\/wp-content\/uploads\/2024\/03\/WhatsApp-Image-2024-02-28-at-11.54.08.jpeg\" alt=\"\" class=\"wp-image-3457\"\/><\/figure>\n\n\n\n<figure class=\"wp-block-image size-large\"><img loading=\"lazy\" decoding=\"async\" width=\"2000\" height=\"924\" data-id=\"3458\" src=\"https:\/\/scoalanr178.ro\/wp-content\/uploads\/2024\/03\/WhatsApp-Image-2024-02-28-at-11.30.54.jpeg\" alt=\"\" class=\"wp-image-3458\"\/><\/figure>\n<\/figure>\n","protected":false},"excerpt":{"rendered":"<p>Edi\u021bia a XI-a 2024 a Proiectului \u201dDin suflete curate de copii. \u00cei \u00eempodobim \u0219i-i d\u0103ruim\u201d Edi\u021bia a XI-a 2024 a Proiectului \u201dDin suflete curate de copii. \u00cei \u00eempodobim \u0219i-i d\u0103ruim\u201d a \u00eenceput prin \u00eempodobirea celor 31 de brazi de c\u0103tre elevi, p\u0103rin\u021bi \u0219i cadre didactice care s-au \u00eentrecut \u00een imagina\u021bie \u0219i au adus \u00een fiecare clas\u0103 bucuria Cr\u0103ciunului. Felicit\u0103ri pentru minuna\u021bii br\u0103du\u021bi care vor aduce multe alte bucurii celor care \u00eei vor primi \u00een aceste zile \u0219i vor avea s\u0103rb\u0103tori fericite! Activitatea dedicat\u01ce Zilei Na\u021bionale a Rom\u00e2niei -1 Decembrie &#8222;Drag de \u021bara mea&#8221; 29.11.2024 Edi\u021bia a IV-a. &#8222;La mul\u021bi ani, ROM\u00c2NIA ! &#8222; &#8221; La<span class=\"more-link-wrap\"><a class=\"more-link\" href=\"https:\/\/scoalanr178.ro\/?page_id=3452\">Read More &rarr;<\/a><\/span><\/p>\n","protected":false},"author":1,"featured_media":0,"parent":0,"menu_order":0,"comment_status":"closed","ping_status":"closed","template":"","meta":{"footnotes":""},"class_list":["entry","author-stefan-gheorghe","post-3452","page","type-page","status-publish"],"_links":{"self":[{"href":"https:\/\/scoalanr178.ro\/index.php?rest_route=\/wp\/v2\/pages\/3452","targetHints":{"allow":["GET"]}}],"collection":[{"href":"https:\/\/scoalanr178.ro\/index.php?rest_route=\/wp\/v2\/pages"}],"about":[{"href":"https:\/\/scoalanr178.ro\/index.php?rest_route=\/wp\/v2\/types\/page"}],"author":[{"embeddable":true,"href":"https:\/\/scoalanr178.ro\/index.php?rest_route=\/wp\/v2\/users\/1"}],"replies":[{"embeddable":true,"href":"https:\/\/scoalanr178.ro\/index.php?rest_route=%2Fwp%2Fv2%2Fcomments&post=3452"}],"version-history":[{"count":7,"href":"https:\/\/scoalanr178.ro\/index.php?rest_route=\/wp\/v2\/pages\/3452\/revisions"}],"predecessor-version":[{"id":3971,"href":"https:\/\/scoalanr178.ro\/index.php?rest_route=\/wp\/v2\/pages\/3452\/revisions\/3971"}],"wp:attachment":[{"href":"https:\/\/scoalanr178.ro\/index.php?rest_route=%2Fwp%2Fv2%2Fmedia&parent=3452"}],"curies":[{"name":"wp","href":"https:\/\/api.w.org\/{rel}","templated":true}]}}