{"id":1770,"date":"2022-05-25T09:53:07","date_gmt":"2022-05-25T09:53:07","guid":{"rendered":"http:\/\/scoalanr178.ro\/?page_id=1770"},"modified":"2022-05-25T09:53:07","modified_gmt":"2022-05-25T09:53:07","slug":"proiect-in-cadrul-parteneriatului-civic-pentru-educatie-civitas","status":"publish","type":"page","link":"https:\/\/scoalanr178.ro\/?page_id=1770","title":{"rendered":"PROIECT \u00ceN CADRUL PARTENERIATULUI CIVIC PENTRU EDUCA\u021aIE \u2013 CIVITAS"},"content":{"rendered":"\n<h2 class=\"wp-block-heading\">PROIECT \u00ceN CADRUL PARTENERIATULUI CIVIC PENTRU EDUCA\u021aIE \u2013 CIVITAS<\/h2>\n\n\n\n<figure class=\"wp-block-image size-full\"><img loading=\"lazy\" decoding=\"async\" width=\"800\" height=\"600\" src=\"https:\/\/scoalanr178.ro\/wp-content\/uploads\/2022\/05\/20170317_110201.jpg\" alt=\"\" class=\"wp-image-1771\"\/><\/figure>\n\n\n\n<p><strong>PROIECT \u00ceN CADRUL PARTENERIATULUI CIVIC&nbsp;<\/strong><strong>PENTRU EDUCA\u021aIE \u2013 CIVITAS<\/strong><\/p>\n\n\n\n<p><strong>\u201eAteliere de Educatie Emotionala prin\u00a0Art-terapie, Euritmie si Muzicoterapie\u201d<\/strong><\/p>\n\n\n\n<figure class=\"wp-block-image size-full\"><img loading=\"lazy\" decoding=\"async\" width=\"640\" height=\"452\" src=\"https:\/\/scoalanr178.ro\/wp-content\/uploads\/2022\/05\/anunt-lansare-Proiect-Civitas.jpeg\" alt=\"\" class=\"wp-image-1779\"\/><\/figure>\n\n\n\n<p><strong>SCOPUL \u2013<\/strong>&nbsp;Promovarea exprim\u0103rii prin arta a elevilor, prin participarea la ateliere de stimulare a tuturor planurilor de dezvoltare prin muzic\u0103, art\u0103 \u0219i euritmie, in vederea gestion\u0103rii emo\u021biilor \u0219i folosirea constructiv\u0103 a lor, in perioada de implementare a proiectului.<\/p>\n\n\n\n<p><strong>Beneficiari:&nbsp;<\/strong>elevi din \u0218coala Gimnazial\u0103 Nr. 178<\/p>\n\n\n\n<p><strong>ACTIVIT\u0102\u021aI PRINCIPALE<\/strong><\/p>\n\n\n\n<ul class=\"wp-block-list\"><li>Ateliere de dezvoltare personal\u0103 prin art\u0103 ca instrument educa\u0163ional \u0219i terapeutic, 3 ateliere de grup\/saptamana, pe parcursul a 3 saptamani ;<\/li><\/ul>\n\n\n\n<ul class=\"wp-block-list\"><li>Fiecare elev \u00eenscris va participa la 3 ateliere de art-terapie, 3 ateliere de muzicoterapie, 3 ateliere euritmie, in perioada 17 martie-5 aprilie;<\/li><li>Fiecare atelier dureaz\u0103 o or\u0103<\/li><li>La ateliere vor participa elevi, cadre didactice si\/sau parinti (dac\u0103 doresc) ai elevilor din grupul tinta.<\/li><li>Galerie foto din cadrul activit\u0103\u021bilor desfasurate<\/li><\/ul>\n\n\n\n<figure class=\"wp-block-gallery has-nested-images columns-4 is-cropped wp-block-gallery-1 is-layout-flex wp-block-gallery-is-layout-flex\">\n<figure class=\"wp-block-image size-thumbnail\"><a href=\"https:\/\/scoalanr178.ro\/wp-content\/uploads\/2022\/05\/20170317_113850.jpg\"><img decoding=\"async\" data-id=\"1776\" src=\"https:\/\/scoalanr178.ro\/wp-content\/uploads\/2022\/05\/20170317_113850-150x150.jpg\" alt=\"\" class=\"wp-image-1776\"\/><\/a><\/figure>\n\n\n\n<figure class=\"wp-block-image size-thumbnail\"><a href=\"https:\/\/scoalanr178.ro\/wp-content\/uploads\/2022\/05\/20170317_113623.jpg\"><img decoding=\"async\" data-id=\"1778\" src=\"https:\/\/scoalanr178.ro\/wp-content\/uploads\/2022\/05\/20170317_113623-150x150.jpg\" alt=\"\" class=\"wp-image-1778\"\/><\/a><\/figure>\n\n\n\n<figure class=\"wp-block-image size-thumbnail\"><a href=\"https:\/\/scoalanr178.ro\/wp-content\/uploads\/2022\/05\/20170317_111620-2.jpg\"><img decoding=\"async\" data-id=\"1775\" src=\"https:\/\/scoalanr178.ro\/wp-content\/uploads\/2022\/05\/20170317_111620-2-150x150.jpg\" alt=\"\" class=\"wp-image-1775\"\/><\/a><\/figure>\n\n\n\n<figure class=\"wp-block-image size-thumbnail\"><a href=\"https:\/\/scoalanr178.ro\/wp-content\/uploads\/2022\/05\/20170317_111620-1.jpg\"><img decoding=\"async\" data-id=\"1774\" src=\"https:\/\/scoalanr178.ro\/wp-content\/uploads\/2022\/05\/20170317_111620-1-150x150.jpg\" alt=\"\" class=\"wp-image-1774\"\/><\/a><\/figure>\n\n\n\n<figure class=\"wp-block-image size-thumbnail\"><a href=\"https:\/\/scoalanr178.ro\/wp-content\/uploads\/2022\/05\/20170317_110236.jpg\"><img decoding=\"async\" data-id=\"1773\" src=\"https:\/\/scoalanr178.ro\/wp-content\/uploads\/2022\/05\/20170317_110236-150x150.jpg\" alt=\"\" class=\"wp-image-1773\"\/><\/a><\/figure>\n\n\n\n<figure class=\"wp-block-image size-thumbnail\"><a href=\"https:\/\/scoalanr178.ro\/wp-content\/uploads\/2022\/05\/20170317_110215.jpg\"><img decoding=\"async\" data-id=\"1772\" src=\"https:\/\/scoalanr178.ro\/wp-content\/uploads\/2022\/05\/20170317_110215-150x150.jpg\" alt=\"\" class=\"wp-image-1772\"\/><\/a><\/figure>\n\n\n\n<figure class=\"wp-block-image size-thumbnail\"><a href=\"https:\/\/scoalanr178.ro\/wp-content\/uploads\/2022\/05\/20170317_110201.jpg\"><img decoding=\"async\" data-id=\"1771\" src=\"https:\/\/scoalanr178.ro\/wp-content\/uploads\/2022\/05\/20170317_110201-150x150.jpg\" alt=\"\" class=\"wp-image-1771\"\/><\/a><\/figure>\n<\/figure>\n","protected":false},"excerpt":{"rendered":"<p>PROIECT \u00ceN CADRUL PARTENERIATULUI CIVIC PENTRU EDUCA\u021aIE \u2013 CIVITAS PROIECT \u00ceN CADRUL PARTENERIATULUI CIVIC&nbsp;PENTRU EDUCA\u021aIE \u2013 CIVITAS \u201eAteliere de Educatie Emotionala prin\u00a0Art-terapie, Euritmie si Muzicoterapie\u201d SCOPUL \u2013&nbsp;Promovarea exprim\u0103rii prin arta a elevilor, prin participarea la ateliere de stimulare a tuturor planurilor de dezvoltare prin muzic\u0103, art\u0103 \u0219i euritmie, in vederea gestion\u0103rii emo\u021biilor \u0219i folosirea constructiv\u0103 a lor, in perioada de implementare a proiectului. Beneficiari:&nbsp;elevi din \u0218coala Gimnazial\u0103 Nr. 178 ACTIVIT\u0102\u021aI PRINCIPALE Ateliere de dezvoltare personal\u0103 prin art\u0103 ca instrument educa\u0163ional \u0219i terapeutic, 3 ateliere de grup\/saptamana, pe parcursul a 3 saptamani ; Fiecare elev \u00eenscris va participa la 3 ateliere de art-terapie, 3 ateliere de<span class=\"more-link-wrap\"><a class=\"more-link\" href=\"https:\/\/scoalanr178.ro\/?page_id=1770\">Read More &rarr;<\/a><\/span><\/p>\n","protected":false},"author":1,"featured_media":0,"parent":0,"menu_order":0,"comment_status":"closed","ping_status":"closed","template":"","meta":{"footnotes":""},"class_list":["entry","author-stefan-gheorghe","post-1770","page","type-page","status-publish"],"_links":{"self":[{"href":"https:\/\/scoalanr178.ro\/index.php?rest_route=\/wp\/v2\/pages\/1770","targetHints":{"allow":["GET"]}}],"collection":[{"href":"https:\/\/scoalanr178.ro\/index.php?rest_route=\/wp\/v2\/pages"}],"about":[{"href":"https:\/\/scoalanr178.ro\/index.php?rest_route=\/wp\/v2\/types\/page"}],"author":[{"embeddable":true,"href":"https:\/\/scoalanr178.ro\/index.php?rest_route=\/wp\/v2\/users\/1"}],"replies":[{"embeddable":true,"href":"https:\/\/scoalanr178.ro\/index.php?rest_route=%2Fwp%2Fv2%2Fcomments&post=1770"}],"version-history":[{"count":0,"href":"https:\/\/scoalanr178.ro\/index.php?rest_route=\/wp\/v2\/pages\/1770\/revisions"}],"wp:attachment":[{"href":"https:\/\/scoalanr178.ro\/index.php?rest_route=%2Fwp%2Fv2%2Fmedia&parent=1770"}],"curies":[{"name":"wp","href":"https:\/\/api.w.org\/{rel}","templated":true}]}}