{"id":1357,"date":"2022-05-16T11:43:25","date_gmt":"2022-05-16T11:43:25","guid":{"rendered":"http:\/\/scoalanr178.ro\/?page_id=1357"},"modified":"2022-05-16T11:43:25","modified_gmt":"2022-05-16T11:43:25","slug":"eco-schools-2022","status":"publish","type":"page","link":"https:\/\/scoalanr178.ro\/?page_id=1357","title":{"rendered":"ECO-SCHOOLS 2022"},"content":{"rendered":"\n<h2 class=\"wp-block-heading\">ECO-School &#8211; Activitatea reciclare<\/h2>\n\n\n\n<p>Din luna octombrie 2022, elevii \u0218colii Gimnaziale Nr.178 au str\u00e2ns pentru reciclare<br>cartoane, h\u00e2rtie \u0219i de\u0219euri din plastic. Au decis s\u0103 \u00eenceap\u0103 schimbarea de la ei, particip\u00e2nd \u00een<br>aceast\u0103 ac\u021biune ECO, at\u00e2t pentru a da un exemplu, c\u00e2t \u0219i pentru a ajuta \u00een mod direct mediul.<br>Copii de toate v\u00e2rstele au adus de\u0219euri adunate din via\u021ba de zi cu zi, \u00een speran\u021ba c\u0103 aceast\u0103<br>ac\u021biune, c\u00e2t de mic\u0103, va influen\u021ba pozitiv progresul c\u0103tre o via\u021b\u0103 mai bun\u0103.<\/p>\n\n\n\n<figure class=\"wp-block-gallery has-nested-images columns-7 is-cropped wp-block-gallery-1 is-layout-flex wp-block-gallery-is-layout-flex\">\n<figure class=\"wp-block-image size-thumbnail\"><a href=\"https:\/\/scoalanr178.ro\/wp-content\/uploads\/2023\/04\/0467f1fc-0165-42f7-9760-b405f2a5b04a.jpg\"><img decoding=\"async\" data-id=\"2645\" src=\"https:\/\/scoalanr178.ro\/wp-content\/uploads\/2023\/04\/0467f1fc-0165-42f7-9760-b405f2a5b04a-150x150.jpg\" alt=\"\" class=\"wp-image-2645\"\/><\/a><\/figure>\n\n\n\n<figure class=\"wp-block-image size-thumbnail\"><a href=\"https:\/\/scoalanr178.ro\/wp-content\/uploads\/2023\/04\/WhatsApp-Image-2023-04-08-at-19.10.37.jpeg\"><img decoding=\"async\" data-id=\"2646\" src=\"https:\/\/scoalanr178.ro\/wp-content\/uploads\/2023\/04\/WhatsApp-Image-2023-04-08-at-19.10.37-150x150.jpeg\" alt=\"\" class=\"wp-image-2646\"\/><\/a><\/figure>\n\n\n\n<figure class=\"wp-block-image size-thumbnail\"><a href=\"https:\/\/scoalanr178.ro\/wp-content\/uploads\/2023\/04\/WhatsApp-Image-2023-04-09-at-09.35.12.jpeg\"><img decoding=\"async\" data-id=\"2647\" src=\"https:\/\/scoalanr178.ro\/wp-content\/uploads\/2023\/04\/WhatsApp-Image-2023-04-09-at-09.35.12-150x150.jpeg\" alt=\"\" class=\"wp-image-2647\"\/><\/a><\/figure>\n\n\n\n<figure class=\"wp-block-image size-thumbnail\"><a href=\"https:\/\/scoalanr178.ro\/wp-content\/uploads\/2023\/04\/WhatsApp-Image-2023-04-09-at-09.35.13-1.jpeg\"><img decoding=\"async\" data-id=\"2648\" src=\"https:\/\/scoalanr178.ro\/wp-content\/uploads\/2023\/04\/WhatsApp-Image-2023-04-09-at-09.35.13-1-150x150.jpeg\" alt=\"\" class=\"wp-image-2648\"\/><\/a><\/figure>\n\n\n\n<figure class=\"wp-block-image size-thumbnail\"><a href=\"https:\/\/scoalanr178.ro\/wp-content\/uploads\/2023\/04\/79fe8563-57b1-4619-8613-2bd5eece3169.jpg\"><img decoding=\"async\" data-id=\"2649\" src=\"https:\/\/scoalanr178.ro\/wp-content\/uploads\/2023\/04\/79fe8563-57b1-4619-8613-2bd5eece3169-150x150.jpg\" alt=\"\" class=\"wp-image-2649\"\/><\/a><\/figure>\n\n\n\n<figure class=\"wp-block-image size-thumbnail\"><a href=\"https:\/\/scoalanr178.ro\/wp-content\/uploads\/2023\/04\/a48bf80e-dfc6-4085-a0d4-f4df3fc1faad.jpg\"><img decoding=\"async\" data-id=\"2650\" src=\"https:\/\/scoalanr178.ro\/wp-content\/uploads\/2023\/04\/a48bf80e-dfc6-4085-a0d4-f4df3fc1faad-150x150.jpg\" alt=\"\" class=\"wp-image-2650\"\/><\/a><\/figure>\n\n\n\n<figure class=\"wp-block-image size-thumbnail\"><a href=\"https:\/\/scoalanr178.ro\/wp-content\/uploads\/2023\/04\/b3aca843-6542-4ad7-9db3-3a86d5291118.jpg\"><img decoding=\"async\" data-id=\"2651\" src=\"https:\/\/scoalanr178.ro\/wp-content\/uploads\/2023\/04\/b3aca843-6542-4ad7-9db3-3a86d5291118-150x150.jpg\" alt=\"\" class=\"wp-image-2651\"\/><\/a><\/figure>\n<\/figure>\n\n\n\n<hr class=\"wp-block-separator has-alpha-channel-opacity is-style-wide\"\/>\n\n\n\n<h2 class=\"wp-block-heading\">ECO-School &#8211; Concursul Be ECO<\/h2>\n\n\n\n<div class=\"wp-block-columns is-layout-flex wp-container-core-columns-is-layout-9d6595d7 wp-block-columns-is-layout-flex\">\n<div class=\"wp-block-column is-layout-flow wp-block-column-is-layout-flow\">\n<p>\u00cen cadrul acestui proiect, 250 de elevi din \u00eenv\u0103\u021b\u0103m\u00e2ntul gimnazial, sub coordonarea<br>doamnelor profesor Iorgulis Elena \u0219i Pan\u021ber Elena, au dat curs invita\u021biei Centrul Carpato-Danubian<br>de Geoecologie- de a fi eco, prin colectarea bateriilor uzate \u0219i a becurilor, a tuburilor cu desc\u0103rcare<br>\u00een gaze rarefiate \u0219i a dispozitivelor \u0219i circuitelor electrice, electronice, electrocasnice uzate.<br>Proiectul s-a desf\u0103\u0219urat \u00een perioada 18-XI-2022 \u2013 17-II- 2023, av\u00e2nd mai multe etape \u0219i<br>modalit\u0103\u021bi de implementare, \u00eenv\u0103\u021bare de bune practici, evaluare.<\/p>\n\n\n\n<p>\u00cen etapa de implementare, s-au prezentat la clasele de elevi din gimnaziu activit\u0103\u021bi de<br>con\u0219tientizare a nevoii de reciclare, respectiv s-au organizat colectivele de elevi prin alegerea<br>gardienilor Beeco- responsabili cu eviden\u021ba \u0219i predarea de\u0219eurilor colectate de la colegii lor.<\/p>\n\n\n\n<p><br><\/p>\n<\/div>\n\n\n\n<div class=\"wp-block-column is-layout-flow wp-block-column-is-layout-flow\">\n<figure class=\"wp-block-image size-large is-resized\"><img loading=\"lazy\" decoding=\"async\" src=\"https:\/\/scoalanr178.ro\/wp-content\/uploads\/2023\/04\/0e237b36-8357-42a6-ae48-2aec80f0735c-768x1024.jpg\" alt=\"\" class=\"wp-image-2624\" width=\"384\" height=\"512\"\/><\/figure>\n<\/div>\n<\/div>\n\n\n\n<div class=\"wp-block-columns is-layout-flex wp-container-core-columns-is-layout-9d6595d7 wp-block-columns-is-layout-flex\">\n<div class=\"wp-block-column is-layout-flow wp-block-column-is-layout-flow\">\n<figure class=\"wp-block-image size-large\"><img decoding=\"async\" src=\"https:\/\/scoalanr178.ro\/wp-content\/uploads\/2023\/04\/e65d60ad-f23e-453b-b63d-8956f80efa19-768x1024.jpg\" alt=\"\" class=\"wp-image-2640\"\/><\/figure>\n<\/div>\n\n\n\n<div class=\"wp-block-column is-layout-flow wp-block-column-is-layout-flow\">\n<div class=\"wp-block-file\"><a id=\"wp-block-file--media-52be59cf-a6f9-43a8-b83c-d45cdb4cb5ef\" href=\"https:\/\/scoalanr178.ro\/wp-content\/uploads\/2023\/04\/Articol-Concurs-Be-ECO.pdf\"><br><br><br><br><br><br>Articol Concurs Be ECO<\/a><a href=\"https:\/\/scoalanr178.ro\/wp-content\/uploads\/2023\/04\/Articol-Concurs-Be-ECO.pdf\" class=\"wp-block-file__button wp-element-button\" download aria-describedby=\"wp-block-file--media-52be59cf-a6f9-43a8-b83c-d45cdb4cb5ef\">Download<\/a><\/div>\n\n\n\n<div class=\"wp-block-file\"><a id=\"wp-block-file--media-e6686981-4cf7-4b58-af63-1a4ca512b48a\" href=\"https:\/\/scoalanr178.ro\/wp-content\/uploads\/2023\/04\/REZULTATE_colectare.png\"><br>REZULTATE_colectare<\/a><a href=\"https:\/\/scoalanr178.ro\/wp-content\/uploads\/2023\/04\/REZULTATE_colectare.png\" class=\"wp-block-file__button wp-element-button\" download aria-describedby=\"wp-block-file--media-e6686981-4cf7-4b58-af63-1a4ca512b48a\">Download<\/a><\/div>\n\n\n\n<div class=\"wp-block-file\"><a id=\"wp-block-file--media-43a25d3d-cee7-49a4-83df-0d09d5766016\" href=\"https:\/\/scoalanr178.ro\/wp-content\/uploads\/2023\/04\/REZULTATE_jurnale.png\"><br>REZULTATE_jurnale<\/a><a href=\"https:\/\/scoalanr178.ro\/wp-content\/uploads\/2023\/04\/REZULTATE_jurnale.png\" class=\"wp-block-file__button wp-element-button\" download aria-describedby=\"wp-block-file--media-43a25d3d-cee7-49a4-83df-0d09d5766016\">Download<\/a><\/div>\n<\/div>\n<\/div>\n\n\n\n<hr class=\"wp-block-separator has-alpha-channel-opacity is-style-wide\"\/>\n\n\n\n<h2 class=\"wp-block-heading\">ECO-School &#8211; Noiembrie<\/h2>\n\n\n\n<p>Programul Eco-\u015ecoala \u00een care este \u00eenscris\u0103 \u0219coala noastr\u0103, reprezint\u0103 un<br>program educa\u0163ional&nbsp; prin care elevii&nbsp; con\u015ftientizeaz\u0103 despre problemele locale de mediu,<br>despre eforturile comunit\u0103\u021bii locale privind protec\u0163ia \u015fi conservarea mediului, oferind<br>solu\u021bii concrete de implicare activ\u0103 \u00een rezolvarea unora din aceste probleme prin studiu<br>\u00een clas\u0103 \u015fi ac\u0163iuni concrete \u00een cadrul \u015fcolii \u015fi comunit\u0103\u0163ii.<br>Din activit\u0103\u021bile pentru protejarea mediului \u0219i combaterea polu\u0103rii, propuse \u00een<br>cadrul programului Eco \u0218coala, era \u0219i str\u00e2ngerea frunzelor uscate \u00een saci \u0219i trimise apoi<br>spre reciclare.<br>Dragii no\u0219trii elevi \u00eempreun\u0103 cu p\u0103rin\u021bii \u0219i coordona\u021bi de cadrele didactice au participat cu<br>mult\u0103 bucurie \u0219i maxim\u0103 implicare la str\u00e2ngerea frunzelor uscate din curtea \u0219colii pentru<br>a fi reciclate \u0219i transformate apoi \u00een compost.<br>A fost o activitate reu\u0219it\u0103 \u0219i plin\u0103 de entuziasm, prin care at\u00e2t elevii c\u00e2t \u0219i<br>comunitatea local\u0103 s-au implicat cu mic cu mare, con\u0219tientiz\u00e2nd importan\u021ba men\u021binerii<br>unui mediu frumos \u0219i s\u0103n\u0103tos.<\/p>\n\n\n\n<figure class=\"wp-block-gallery has-nested-images columns-4 is-cropped wp-block-gallery-2 is-layout-flex wp-block-gallery-is-layout-flex\">\n<figure class=\"wp-block-image size-large\"><a href=\"https:\/\/scoalanr178.ro\/wp-content\/uploads\/2023\/04\/4500be0e-3471-4625-9596-c32d177a33c1.jpg\"><img decoding=\"async\" data-id=\"2612\" src=\"https:\/\/scoalanr178.ro\/wp-content\/uploads\/2023\/04\/4500be0e-3471-4625-9596-c32d177a33c1-1024x768.jpg\" alt=\"\" class=\"wp-image-2612\"\/><\/a><\/figure>\n\n\n\n<figure class=\"wp-block-image size-large\"><a href=\"https:\/\/scoalanr178.ro\/wp-content\/uploads\/2023\/04\/63313502-a853-4a49-be71-c8e59c7bf4e5.jpg\"><img loading=\"lazy\" decoding=\"async\" width=\"1024\" height=\"768\" data-id=\"2613\" src=\"https:\/\/scoalanr178.ro\/wp-content\/uploads\/2023\/04\/63313502-a853-4a49-be71-c8e59c7bf4e5.jpg\" alt=\"\" class=\"wp-image-2613\"\/><\/a><\/figure>\n\n\n\n<figure class=\"wp-block-image size-large\"><a href=\"https:\/\/scoalanr178.ro\/wp-content\/uploads\/2023\/04\/a1af6b38-b1d4-4317-8ae2-61498ab4feb9.jpg\"><img loading=\"lazy\" decoding=\"async\" width=\"1024\" height=\"768\" data-id=\"2614\" src=\"https:\/\/scoalanr178.ro\/wp-content\/uploads\/2023\/04\/a1af6b38-b1d4-4317-8ae2-61498ab4feb9.jpg\" alt=\"\" class=\"wp-image-2614\"\/><\/a><\/figure>\n\n\n\n<figure class=\"wp-block-image size-large\"><a href=\"https:\/\/scoalanr178.ro\/wp-content\/uploads\/2023\/04\/a97d4ac9-28b1-4591-80bc-bfefbfa85b8e.jpg\"><img decoding=\"async\" data-id=\"2615\" src=\"https:\/\/scoalanr178.ro\/wp-content\/uploads\/2023\/04\/a97d4ac9-28b1-4591-80bc-bfefbfa85b8e-1024x768.jpg\" alt=\"\" class=\"wp-image-2615\"\/><\/a><\/figure>\n\n\n\n<figure class=\"wp-block-image size-large\"><a href=\"https:\/\/scoalanr178.ro\/wp-content\/uploads\/2023\/04\/WhatsApp-Image-2023-04-18-at-09.43.05.jpeg\"><img decoding=\"async\" data-id=\"2616\" src=\"https:\/\/scoalanr178.ro\/wp-content\/uploads\/2023\/04\/WhatsApp-Image-2023-04-18-at-09.43.05-1024x768.jpeg\" alt=\"\" class=\"wp-image-2616\"\/><\/a><\/figure>\n\n\n\n<figure class=\"wp-block-image size-large\"><a href=\"https:\/\/scoalanr178.ro\/wp-content\/uploads\/2023\/04\/5e09283a-d737-4d92-b50a-5dec0fc1c84c.jpg\"><img decoding=\"async\" data-id=\"2617\" src=\"https:\/\/scoalanr178.ro\/wp-content\/uploads\/2023\/04\/5e09283a-d737-4d92-b50a-5dec0fc1c84c-1024x768.jpg\" alt=\"\" class=\"wp-image-2617\"\/><\/a><\/figure>\n\n\n\n<figure class=\"wp-block-image size-large\"><a href=\"https:\/\/scoalanr178.ro\/wp-content\/uploads\/2023\/04\/7f96ab4a-e901-49ad-9985-32f3aa81ba0b.jpg\"><img loading=\"lazy\" decoding=\"async\" width=\"1024\" height=\"768\" data-id=\"2618\" src=\"https:\/\/scoalanr178.ro\/wp-content\/uploads\/2023\/04\/7f96ab4a-e901-49ad-9985-32f3aa81ba0b.jpg\" alt=\"\" class=\"wp-image-2618\"\/><\/a><\/figure>\n\n\n\n<figure class=\"wp-block-image size-large\"><a href=\"https:\/\/scoalanr178.ro\/wp-content\/uploads\/2023\/04\/96f51600-3f5b-4356-9ad5-888ba0a2a300.jpg\"><img loading=\"lazy\" decoding=\"async\" width=\"1024\" height=\"768\" data-id=\"2619\" src=\"https:\/\/scoalanr178.ro\/wp-content\/uploads\/2023\/04\/96f51600-3f5b-4356-9ad5-888ba0a2a300.jpg\" alt=\"\" class=\"wp-image-2619\"\/><\/a><\/figure>\n<\/figure>\n\n\n\n<div class=\"wp-block-file\"><a id=\"wp-block-file--media-93fdf8cf-15c0-48d1-9edc-540bbfe9cfb4\" href=\"https:\/\/scoalanr178.ro\/wp-content\/uploads\/2023\/04\/activitate-eco.docx\">Activitate eco<\/a><a href=\"https:\/\/scoalanr178.ro\/wp-content\/uploads\/2023\/04\/activitate-eco.docx\" class=\"wp-block-file__button wp-element-button\" download aria-describedby=\"wp-block-file--media-93fdf8cf-15c0-48d1-9edc-540bbfe9cfb4\">Download<\/a><\/div>\n\n\n\n<hr class=\"wp-block-separator has-alpha-channel-opacity is-style-wide\"\/>\n\n\n\n<h2 class=\"wp-block-heading\">ECO-School -13.04.2022<\/h2>\n\n\n\n<p>\u00cen data de 13.04.2022, \u00een cadrul Programului \u201cS\u0103pt\u0103m\u00e2na verde\u201d \u0219i \u201cECO-School\u201d, s-au<br>desf\u0103\u0219urat activit\u0103\u021bi practice de ecologizare \u0219i plantare \u00een curtea \u0219colii.<br>Vremea a \u021binut cu noi, iar activit\u0103\u021bile au fost spornice, bine organizate \u0219i coordonate de<br>cadrele didactice ale \u0219colii noastre. La final, privind \u00een urm\u0103, elevii au fost \u00eenc\u00e2nta\u021bi de<br>munca depus\u0103 prin plantarea florilor multicolore care au \u00eenfrumuse\u021bat curtea \u0219colii<\/p>\n\n\n\n<figure class=\"wp-block-gallery has-nested-images columns-8 is-cropped wp-block-gallery-3 is-layout-flex wp-block-gallery-is-layout-flex\">\n<figure class=\"wp-block-image size-thumbnail\"><a href=\"https:\/\/scoalanr178.ro\/wp-content\/uploads\/2022\/07\/278538826_5043194982432206_6062741757056126134_n.jpg\"><img decoding=\"async\" data-id=\"2196\" src=\"https:\/\/scoalanr178.ro\/wp-content\/uploads\/2022\/07\/278538826_5043194982432206_6062741757056126134_n-150x150.jpg\" alt=\"\" class=\"wp-image-2196\"\/><\/a><\/figure>\n\n\n\n<figure class=\"wp-block-image size-thumbnail\"><a href=\"https:\/\/scoalanr178.ro\/wp-content\/uploads\/2022\/07\/278541665_5043194835765554_6891021225340955139_n.jpg\"><img decoding=\"async\" data-id=\"2197\" src=\"https:\/\/scoalanr178.ro\/wp-content\/uploads\/2022\/07\/278541665_5043194835765554_6891021225340955139_n-150x150.jpg\" alt=\"\" class=\"wp-image-2197\"\/><\/a><\/figure>\n\n\n\n<figure class=\"wp-block-image size-thumbnail\"><a href=\"https:\/\/scoalanr178.ro\/wp-content\/uploads\/2022\/07\/278497552_5043194759098895_2965407418403011053_n.jpg\"><img decoding=\"async\" data-id=\"2198\" src=\"https:\/\/scoalanr178.ro\/wp-content\/uploads\/2022\/07\/278497552_5043194759098895_2965407418403011053_n-150x150.jpg\" alt=\"\" class=\"wp-image-2198\"\/><\/a><\/figure>\n\n\n\n<figure class=\"wp-block-image size-thumbnail\"><a href=\"https:\/\/scoalanr178.ro\/wp-content\/uploads\/2022\/07\/278502995_5043194745765563_250261475547590724_n.jpg\"><img decoding=\"async\" data-id=\"2199\" src=\"https:\/\/scoalanr178.ro\/wp-content\/uploads\/2022\/07\/278502995_5043194745765563_250261475547590724_n-150x150.jpg\" alt=\"\" class=\"wp-image-2199\"\/><\/a><\/figure>\n\n\n\n<figure class=\"wp-block-image size-thumbnail\"><a href=\"https:\/\/scoalanr178.ro\/wp-content\/uploads\/2022\/07\/278393649_5043194615765576_4215249348554002620_n.jpg\"><img decoding=\"async\" data-id=\"2200\" src=\"https:\/\/scoalanr178.ro\/wp-content\/uploads\/2022\/07\/278393649_5043194615765576_4215249348554002620_n-150x150.jpg\" alt=\"\" class=\"wp-image-2200\"\/><\/a><\/figure>\n\n\n\n<figure class=\"wp-block-image size-thumbnail\"><a href=\"https:\/\/scoalanr178.ro\/wp-content\/uploads\/2022\/07\/278476490_5043195012432203_6555588195567525324_n.jpg\"><img decoding=\"async\" data-id=\"2201\" src=\"https:\/\/scoalanr178.ro\/wp-content\/uploads\/2022\/07\/278476490_5043195012432203_6555588195567525324_n-150x150.jpg\" alt=\"\" class=\"wp-image-2201\"\/><\/a><\/figure>\n\n\n\n<figure class=\"wp-block-image size-thumbnail\"><a href=\"https:\/\/scoalanr178.ro\/wp-content\/uploads\/2022\/07\/278511042_5043194625765575_2517584080880045166_n.jpg\"><img decoding=\"async\" data-id=\"2202\" src=\"https:\/\/scoalanr178.ro\/wp-content\/uploads\/2022\/07\/278511042_5043194625765575_2517584080880045166_n-150x150.jpg\" alt=\"\" class=\"wp-image-2202\"\/><\/a><\/figure>\n\n\n\n<figure class=\"wp-block-image size-thumbnail\"><a href=\"https:\/\/scoalanr178.ro\/wp-content\/uploads\/2022\/07\/278532940_5043195002432204_1538771828272703877_n.jpg\"><img decoding=\"async\" data-id=\"2203\" src=\"https:\/\/scoalanr178.ro\/wp-content\/uploads\/2022\/07\/278532940_5043195002432204_1538771828272703877_n-150x150.jpg\" alt=\"\" class=\"wp-image-2203\"\/><\/a><\/figure>\n<\/figure>\n\n\n\n<hr class=\"wp-block-separator has-alpha-channel-opacity is-style-wide\"\/>\n\n\n\n<h2 class=\"wp-block-heading\">Activit\u0103\u021bi desf\u0103\u0219urate \u00een cadrul Programelor Eco-School \u0219i S\u0103pt\u0103m\u00e2na verde 11-15.04.2022<\/h2>\n\n\n\n<figure class=\"wp-block-image size-large is-style-default\"><img decoding=\"async\" src=\"https:\/\/scoalanr178.ro\/wp-content\/uploads\/2022\/05\/278290265_4932452960201048_4744806478930971592_n-1-1024x768.jpg\" alt=\"\" class=\"wp-image-1368\"\/><\/figure>\n\n\n\n<p>Elevii \u0219i profesorii \u0218colii Gimnaziale nr. 178, \u00eempreun\u0103 cu p\u0103rin\u021bii au desf\u0103\u0219urat anul acesta \u00een cadrul Programelor Eco-school \u0219i S\u0103pt\u0103m\u00e2na verde, activit\u0103\u021bi practice de ecologizare, plantare, realizarea de proiecte din materiale reciclabile specifice s\u0103rb\u0103torilor de Pa\u0219te, precum \u0219i desene cu tema, Impactul polu\u0103rii asupra mediului \u00eenconjur\u0103tor.Elevii no\u0219trii se implic\u0103 intens \u0219i cu mult\u0103 dedica\u021bie \u00een aceste activit\u0103\u021bi care implic\u0103 protejarea mediul \u00eenconjur\u0103tor \u0219i formarea unui stil de via\u021ba s\u0103n\u0103tos, f\u0103c\u00e2nd un apel \u00een cadrul comunit\u0103\u021bii locale, la con\u0219tientizarea importan\u021bei respect\u0103rii mediului \u00eenconjur\u0103tor, dar \u0219i de a lua m\u0103surile necesare pentru a-l proteja.<\/p>\n\n\n\n<p>Prof. coordonator: Elena Iorgulis<\/p>\n\n\n\n<div class=\"alignnormal\"><div id=\"metaslider-id-1369\" style=\"width: 100%; margin: 0 auto;\" class=\"ml-slider-3-31-0 metaslider metaslider-flex metaslider-1369 ml-slider ms-theme-default\">\n    <div id=\"metaslider_container_1369\">\n        <div id=\"metaslider_1369\">\n            <ul aria-live=\"polite\" class=\"slides\">\n                <li style=\"display: block; width: 100%;\" class=\"slide-1370 ms-image\"><img loading=\"lazy\" decoding=\"async\" src=\"https:\/\/scoalanr178.ro\/wp-content\/uploads\/2022\/05\/278290265_4932452960201048_4744806478930971592_n-1-500x300.jpg\" height=\"300\" width=\"500\" alt=\"\" class=\"slider-1369 slide-1370\" title=\"278290265_4932452960201048_4744806478930971592_n (1)\" \/><\/li>\n                <li style=\"display: none; width: 100%;\" class=\"slide-1372 ms-image\"><img loading=\"lazy\" decoding=\"async\" src=\"https:\/\/scoalanr178.ro\/wp-content\/uploads\/2022\/05\/276093667_4932454516867559_255927047246177609_n-500x300.jpg\" height=\"300\" width=\"500\" alt=\"\" class=\"slider-1369 slide-1372\" title=\"276093667_4932454516867559_255927047246177609_n\" \/><\/li>\n                <li style=\"display: none; width: 100%;\" class=\"slide-1375 ms-image\"><img loading=\"lazy\" decoding=\"async\" src=\"https:\/\/scoalanr178.ro\/wp-content\/uploads\/2022\/05\/278569982_4932453966867614_1198074579989478722_n-500x300.jpg\" height=\"300\" width=\"500\" alt=\"\" class=\"slider-1369 slide-1375\" title=\"278569982_4932453966867614_1198074579989478722_n\" \/><\/li>\n                <li style=\"display: none; width: 100%;\" class=\"slide-1377 ms-image\"><img loading=\"lazy\" decoding=\"async\" src=\"https:\/\/scoalanr178.ro\/wp-content\/uploads\/2022\/05\/278569939_4932453333534344_3848760426634824295_n-500x300.jpg\" height=\"300\" width=\"500\" alt=\"\" class=\"slider-1369 slide-1377\" title=\"278569939_4932453333534344_3848760426634824295_n\" \/><\/li>\n                <li style=\"display: none; width: 100%;\" class=\"slide-1379 ms-image\"><img loading=\"lazy\" decoding=\"async\" src=\"https:\/\/scoalanr178.ro\/wp-content\/uploads\/2022\/05\/278566579_4932453543534323_970219183634149691_n-500x300.jpg\" height=\"300\" width=\"500\" alt=\"\" class=\"slider-1369 slide-1379\" title=\"278566579_4932453543534323_970219183634149691_n\" \/><\/li>\n            <\/ul>\n        <\/div>\n        \n    <\/div>\n<\/div><\/div>\n","protected":false},"excerpt":{"rendered":"<p>ECO-School &#8211; Activitatea reciclare Din luna octombrie 2022, elevii \u0218colii Gimnaziale Nr.178 au str\u00e2ns pentru reciclarecartoane, h\u00e2rtie \u0219i de\u0219euri din plastic. Au decis s\u0103 \u00eenceap\u0103 schimbarea de la ei, particip\u00e2nd \u00eenaceast\u0103 ac\u021biune ECO, at\u00e2t pentru a da un exemplu, c\u00e2t \u0219i pentru a ajuta \u00een mod direct mediul.Copii de toate v\u00e2rstele au adus de\u0219euri adunate din via\u021ba de zi cu zi, \u00een speran\u021ba c\u0103 aceast\u0103ac\u021biune, c\u00e2t de mic\u0103, va influen\u021ba pozitiv progresul c\u0103tre o via\u021b\u0103 mai bun\u0103. ECO-School &#8211; Concursul Be ECO \u00cen cadrul acestui proiect, 250 de elevi din \u00eenv\u0103\u021b\u0103m\u00e2ntul gimnazial, sub coordonareadoamnelor profesor Iorgulis Elena \u0219i Pan\u021ber Elena, au dat curs invita\u021biei Centrul<span class=\"more-link-wrap\"><a class=\"more-link\" href=\"https:\/\/scoalanr178.ro\/?page_id=1357\">Read More &rarr;<\/a><\/span><\/p>\n","protected":false},"author":1,"featured_media":0,"parent":0,"menu_order":0,"comment_status":"closed","ping_status":"closed","template":"","meta":{"footnotes":""},"class_list":["entry","author-stefan-gheorghe","post-1357","page","type-page","status-publish"],"_links":{"self":[{"href":"https:\/\/scoalanr178.ro\/index.php?rest_route=\/wp\/v2\/pages\/1357","targetHints":{"allow":["GET"]}}],"collection":[{"href":"https:\/\/scoalanr178.ro\/index.php?rest_route=\/wp\/v2\/pages"}],"about":[{"href":"https:\/\/scoalanr178.ro\/index.php?rest_route=\/wp\/v2\/types\/page"}],"author":[{"embeddable":true,"href":"https:\/\/scoalanr178.ro\/index.php?rest_route=\/wp\/v2\/users\/1"}],"replies":[{"embeddable":true,"href":"https:\/\/scoalanr178.ro\/index.php?rest_route=%2Fwp%2Fv2%2Fcomments&post=1357"}],"version-history":[{"count":0,"href":"https:\/\/scoalanr178.ro\/index.php?rest_route=\/wp\/v2\/pages\/1357\/revisions"}],"wp:attachment":[{"href":"https:\/\/scoalanr178.ro\/index.php?rest_route=%2Fwp%2Fv2%2Fmedia&parent=1357"}],"curies":[{"name":"wp","href":"https:\/\/api.w.org\/{rel}","templated":true}]}}